
{"id":23,"date":"2017-10-05T11:58:07","date_gmt":"2017-10-05T09:58:07","guid":{"rendered":"https:\/\/przedszkole49.edu.wroclaw.pl\/?page_id=23"},"modified":"2026-02-18T10:37:05","modified_gmt":"2026-02-18T09:37:05","slug":"strona-glowna","status":"publish","type":"page","link":"https:\/\/przedszkole49.edu.wroclaw.pl\/","title":{"rendered":"Strona g\u0142\u00f3wna"},"content":{"rendered":"<div class=\"wpb-content-wrapper\"><p>[vc_row][vc_column][vc_column_text css_animation=&#8221;zoomIn&#8221;]<\/p>\n<p style=\"text-align: center\"><span style=\"color: #00ccff;font-family: 'comic sans ms', sans-serif;font-size: 24pt\"><strong>O przedszkolu<\/strong><\/span><\/p>\n<p>[\/vc_column_text][\/vc_column][\/vc_row][vc_row][vc_column][vc_column_text css=&#8221;&#8221;]<span style=\"font-size: 14pt\">Serdecznie witamy na stronie internetowej Przedszkola nr 49 im. Tysi\u0105clecia Miasta Wroc\u0142awia we Wroc\u0142awiu.<\/span><\/p>\n<p><span style=\"font-size: 14pt\">To przedszkole z tradycjami, istnieje od 1947 roku. Od wrze\u015bnia 2000 roku nasz\u0105 siedzib\u0105 jest parterowy budynek przy ulicy Borowskiej, na obrze\u017cach Osiedla Gaj i w bezpo\u015brednim s\u0105siedztwie Parku Skowroniego, do kt\u00f3rego cz\u0119sto i ch\u0119tnie wybieramy si\u0119 na spacery i wycieczki.<\/span><\/p>\n<p><span style=\"font-size: 14pt\">Mimo tego, \u017ce nasi wychowankowie ucz\u0105 si\u0119 i bawi\u0105 a\u017c w 6 oddzia\u0142ach, staramy si\u0119 zachowa\u0107 kameralny klimat naszej plac\u00f3wki. Sprzyja ona stwarzaniu dzieciom warunk\u00f3w do wszechstronnego rozwoju. Jeste\u015bmy po to, aby przedszkolaki czu\u0142y si\u0119 w u nas bezpiecznie &#8211; fizycznie, intelektualnie i emocjonalnie. Dbamy o to, by ka\u017cde dziecko rozwija\u0142o swoj\u0105 niepowtarzaln\u0105 osobowo\u015b\u0107, mia\u0142o okazj\u0119 wyra\u017ca\u0107 swoje emocje i my\u015bli, poznawa\u0142o swoje mo\u017cliwo\u015bci, talenty i ograniczenia. Staramy si\u0119 wspomaga\u0107 i ukierunkowywa\u0107 rozw\u00f3j naszych wychowank\u00f3w, wykorzystuj\u0105c ich wrodzone zdolno\u015bci. Nasze dzieciaki maj\u0105 codzienn\u0105 okazj\u0119 bra\u0107 udzia\u0142 w zaj\u0119ciach muzycznych, plastycznych, ruchowych, czy przygotowuj\u0105cych do nauki j\u0119zyka angielskiego.<\/span><\/p>\n<p><span style=\"font-size: 14pt\">W przedszkolu, poza nauczycielami, z dzie\u0107mi pracuj\u0105:<\/span><\/p>\n<ul>\n<li><span style=\"font-size: 14pt\">neurologopeda kliniczny<\/span><\/li>\n<li><span style=\"font-size: 14pt\">psycholog<\/span><\/li>\n<li><span style=\"font-size: 14pt\">pedagog specjalny<\/span><\/li>\n<li><span style=\"font-size: 14pt\">terapeuta SI<\/span><\/li>\n<li><span style=\"font-size: 14pt\">nauczyciel gimnastyki korekcyjnej<\/span><\/li>\n<li><span style=\"font-size: 14pt\">nauczyciel religii<\/span><\/li>\n<\/ul>\n<p><span style=\"font-size: 14pt\">Staramy si\u0119, aby ka\u017cdy dzie\u0144 sp\u0119dzony w naszym przedszkolu by\u0142 barwny i ni\u00f3s\u0142 pozytywne do\u015bwiadczenia, cz\u0119sto wychodzimy poza teren przedszkola, by poznawa\u0107 bli\u017csz\u0105 i dalsz\u0105 okolic\u0119, odwiedza\u0107 kina, teatry lub muzea, cieszy\u0107 si\u0119 pi\u0119knem przyrody.<\/span><\/p>\n<p style=\"text-align: center\"><span style=\"font-size: 14pt\">ZAPRASZAMY DO ODWIEDZIN NASZEGO PRZEDSZKOLA!<\/span><\/p>\n<p>[\/vc_column_text][\/vc_column][\/vc_row][vc_row][vc_column][vc_empty_space][\/vc_column][\/vc_row][vc_row][vc_column][vc_masonry_grid post_type=&#8221;post&#8221; max_items=&#8221;4&#8243; element_width=&#8221;3&#8243; grid_id=&#8221;vc_gid:1771405252662-345d4d1e-b8d1-2&#8243; taxonomies=&#8221;4&#8243;][\/vc_column][\/vc_row]<\/p>\n<\/div>","protected":false},"excerpt":{"rendered":"<p>[vc_row][vc_column][vc_column_text css_animation=&#8221;zoomIn&#8221;] O przedszkolu [\/vc_column_text][\/vc_column][\/vc_row][vc_row][vc_column][vc_column_text css=&#8221;&#8221;]Serdecznie witamy na stronie internetowej Przedszkola nr 49 im. Tysi\u0105clecia Miasta Wroc\u0142awia we Wroc\u0142awiu. To przedszkole z tradycjami, istnieje od 1947 roku. Od wrze\u015bnia 2000 [&hellip;]<\/p>\n","protected":false},"author":72,"featured_media":0,"parent":0,"menu_order":0,"comment_status":"closed","ping_status":"closed","template":"","meta":{"ngg_post_thumbnail":0,"footnotes":""},"class_list":["post-23","page","type-page","status-publish","hentry","clearfix"],"_links":{"self":[{"href":"https:\/\/przedszkole49.edu.wroclaw.pl\/index.php\/wp-json\/wp\/v2\/pages\/23","targetHints":{"allow":["GET"]}}],"collection":[{"href":"https:\/\/przedszkole49.edu.wroclaw.pl\/index.php\/wp-json\/wp\/v2\/pages"}],"about":[{"href":"https:\/\/przedszkole49.edu.wroclaw.pl\/index.php\/wp-json\/wp\/v2\/types\/page"}],"author":[{"embeddable":true,"href":"https:\/\/przedszkole49.edu.wroclaw.pl\/index.php\/wp-json\/wp\/v2\/users\/72"}],"replies":[{"embeddable":true,"href":"https:\/\/przedszkole49.edu.wroclaw.pl\/index.php\/wp-json\/wp\/v2\/comments?post=23"}],"version-history":[{"count":35,"href":"https:\/\/przedszkole49.edu.wroclaw.pl\/index.php\/wp-json\/wp\/v2\/pages\/23\/revisions"}],"predecessor-version":[{"id":10292,"href":"https:\/\/przedszkole49.edu.wroclaw.pl\/index.php\/wp-json\/wp\/v2\/pages\/23\/revisions\/10292"}],"wp:attachment":[{"href":"https:\/\/przedszkole49.edu.wroclaw.pl\/index.php\/wp-json\/wp\/v2\/media?parent=23"}],"curies":[{"name":"wp","href":"https:\/\/api.w.org\/{rel}","templated":true}]}}