
{"id":2756,"date":"2020-04-27T11:02:22","date_gmt":"2020-04-27T09:02:22","guid":{"rendered":"https:\/\/przedszkole49.edu.wroclaw.pl\/?page_id=2756"},"modified":"2024-09-11T11:06:00","modified_gmt":"2024-09-11T09:06:00","slug":"logopeda","status":"publish","type":"page","link":"https:\/\/przedszkole49.edu.wroclaw.pl\/index.php\/specjalisci\/logopeda\/","title":{"rendered":"Logopeda"},"content":{"rendered":"<div class=\"wpb-content-wrapper\"><p>[vc_row][vc_column][vc_empty_space][\/vc_column][\/vc_row][vc_row][vc_column][vc_zigzag color=&#8221;chino&#8221; el_border_width=&#8221;20&#8243;][vc_column_text css=&#8221;&#8221;]<\/p>\n<p style=\"text-align: center\"><span style=\"font-size: 36pt;color: #ff0000\"><strong>Pomoc psychologiczno &#8211; pedagogiczna<\/strong><\/span><\/p>\n<p><span style=\"font-size: 14pt\"><strong>mgr Natasza Ars\u0142anowow<\/strong><\/span><br \/>\n<span style=\"font-size: 14pt\"><strong>Neurologopeda kliniczny <\/strong><\/span><br \/>\n<span style=\"font-size: 14pt\"><strong>Nauczyciel dyplomowany<\/strong><\/span><\/p>\n<p><span style=\"font-size: 14pt\">Poniedzia\u0142ek: 8:00 &#8211; 12:00<\/span><br \/>\n<span style=\"font-size: 14pt\">Wtorek: 8:00 &#8211; 13:00<\/span><br \/>\n<span style=\"font-size: 14pt\">\u015aroda: 8:00 &#8211; 13:00<\/span><\/p>\n<p><span style=\"font-size: 14pt\">Terapia logopedyczna skierowana jest do dzieci z deficytami kompetencji i zaburzeniami sprawno\u015bci j\u0119zykowych. Na pocz\u0105tku roku szkolnego w\u015br\u00f3d wszystkich dzieci w przedszkolu przeprowadzane jest przesiewowe badanie mowy polegaj\u0105ce na obserwacji sposobu komunikacji, sposobu oddychania i jedzenia oraz wst\u0119pne rozpoznanie ewentualnych nieprawid\u0142owo\u015bci w artykulacji. W\u015br\u00f3d dzieci wy\u0142onionych podczas wst\u0119pnych bada\u0144 zostanie wykonana diagnoza logopedyczna w trakcie, kt\u00f3rej sprawdzona zostanie budowa i sprawno\u015b\u0107 aparatu artykulacyjnego, s\u0142uch fizyczny i fonematyczny oraz spos\u00f3b realizacji d\u017awi\u0119k\u00f3w mowy. Dzieci w wyniku diagnozy zostan\u0105 zakwalifikowane do terapii logopedycznej. Zaj\u0119cia odbywa\u0107 si\u0119 raz w tygodniu i b\u0119d\u0105 trwa\u0142y 45 minut, w grupach do 4 os\u00f3b. Grupy b\u0119d\u0105 stworzone w\u015br\u00f3d dzieci z tej samej sali oraz o podobnych problemach. <\/span><\/p>\n<p><span style=\"font-size: 14pt\">Na zaj\u0119cia dzieci przynosz\u0105 zeszyty (minimum 60 kartek), w kt\u00f3rych b\u0119d\u0105 zamieszczane \u0107wiczenia dla dziecka i informacje dla rodzic\u00f3w. Zeszyt ten b\u0119dzie r\u00f3wnie\u017c sposobem komunikacji rodzica i logopedy. Prosz\u0119 zapisywa\u0107 w nim pytania do mnie lub informacje, kt\u00f3re pomog\u0142yby mi w prowadzeniu terapii. <\/span><\/p>\n<p><span style=\"text-decoration: underline;font-size: 14pt\">W ramach konsultacji zach\u0119cam do kontaktu telefonicznego po uprzednim um\u00f3wieniu oraz do zamieszczania notatek w zeszytach dzieci. <\/span>[\/vc_column_text][\/vc_column][\/vc_row]<\/p>\n<\/div>","protected":false},"excerpt":{"rendered":"<p>[vc_row][vc_column][vc_empty_space][\/vc_column][\/vc_row][vc_row][vc_column][vc_zigzag color=&#8221;chino&#8221; el_border_width=&#8221;20&#8243;][vc_column_text css=&#8221;&#8221;] Pomoc psychologiczno &#8211; pedagogiczna mgr Natasza Ars\u0142anowow Neurologopeda kliniczny Nauczyciel dyplomowany Poniedzia\u0142ek: 8:00 &#8211; 12:00 Wtorek: 8:00 &#8211; 13:00 \u015aroda: 8:00 &#8211; 13:00 Terapia logopedyczna skierowana [&hellip;]<\/p>\n","protected":false},"author":72,"featured_media":0,"parent":2754,"menu_order":0,"comment_status":"closed","ping_status":"closed","template":"","meta":{"ngg_post_thumbnail":0,"footnotes":""},"class_list":["post-2756","page","type-page","status-publish","hentry","clearfix"],"_links":{"self":[{"href":"https:\/\/przedszkole49.edu.wroclaw.pl\/index.php\/wp-json\/wp\/v2\/pages\/2756","targetHints":{"allow":["GET"]}}],"collection":[{"href":"https:\/\/przedszkole49.edu.wroclaw.pl\/index.php\/wp-json\/wp\/v2\/pages"}],"about":[{"href":"https:\/\/przedszkole49.edu.wroclaw.pl\/index.php\/wp-json\/wp\/v2\/types\/page"}],"author":[{"embeddable":true,"href":"https:\/\/przedszkole49.edu.wroclaw.pl\/index.php\/wp-json\/wp\/v2\/users\/72"}],"replies":[{"embeddable":true,"href":"https:\/\/przedszkole49.edu.wroclaw.pl\/index.php\/wp-json\/wp\/v2\/comments?post=2756"}],"version-history":[{"count":43,"href":"https:\/\/przedszkole49.edu.wroclaw.pl\/index.php\/wp-json\/wp\/v2\/pages\/2756\/revisions"}],"predecessor-version":[{"id":9368,"href":"https:\/\/przedszkole49.edu.wroclaw.pl\/index.php\/wp-json\/wp\/v2\/pages\/2756\/revisions\/9368"}],"up":[{"embeddable":true,"href":"https:\/\/przedszkole49.edu.wroclaw.pl\/index.php\/wp-json\/wp\/v2\/pages\/2754"}],"wp:attachment":[{"href":"https:\/\/przedszkole49.edu.wroclaw.pl\/index.php\/wp-json\/wp\/v2\/media?parent=2756"}],"curies":[{"name":"wp","href":"https:\/\/api.w.org\/{rel}","templated":true}]}}

<div class="wpb-content-wrapper"><p>[vc_row][vc_column][vc_empty_space][/vc_column][/vc_row][vc_row][vc_column][vc_zigzag color=&#8221;chino&#8221; el_border_width=&#8221;20&#8243;][vc_column_text css=&#8221;&#8221;]</p>
<p style="text-align: center"><span style="font-size: 36pt;color: #ff0000"><strong>Pomoc psychologiczno &#8211; pedagogiczna</strong></span></p>
<p><span style="font-size: 14pt"><strong>mgr Natasza Arsłanowow</strong></span><br />
<span style="font-size: 14pt"><strong>Neurologopeda kliniczny </strong></span><br />
<span style="font-size: 14pt"><strong>Nauczyciel dyplomowany</strong></span></p>
<p><span style="font-size: 14pt">Poniedziałek: 8:00 &#8211; 12:00</span><br />
<span style="font-size: 14pt">Wtorek: 8:00 &#8211; 13:00</span><br />
<span style="font-size: 14pt">Środa: 8:00 &#8211; 13:00</span></p>
<p><span style="font-size: 14pt">Terapia logopedyczna skierowana jest do dzieci z deficytami kompetencji i zaburzeniami sprawności językowych. Na początku roku szkolnego wśród wszystkich dzieci w przedszkolu przeprowadzane jest przesiewowe badanie mowy polegające na obserwacji sposobu komunikacji, sposobu oddychania i jedzenia oraz wstępne rozpoznanie ewentualnych nieprawidłowości w artykulacji. Wśród dzieci wyłonionych podczas wstępnych badań zostanie wykonana diagnoza logopedyczna w trakcie, której sprawdzona zostanie budowa i sprawność aparatu artykulacyjnego, słuch fizyczny i fonematyczny oraz sposób realizacji dźwięków mowy. Dzieci w wyniku diagnozy zostaną zakwalifikowane do terapii logopedycznej. Zajęcia odbywać się raz w tygodniu i będą trwały 45 minut, w grupach do 4 osób. Grupy będą stworzone wśród dzieci z tej samej sali oraz o podobnych problemach. </span></p>
<p><span style="font-size: 14pt">Na zajęcia dzieci przynoszą zeszyty (minimum 60 kartek), w których będą zamieszczane ćwiczenia dla dziecka i informacje dla rodziców. Zeszyt ten będzie również sposobem komunikacji rodzica i logopedy. Proszę zapisywać w nim pytania do mnie lub informacje, które pomogłyby mi w prowadzeniu terapii. </span></p>
<p><span style="text-decoration: underline;font-size: 14pt">W ramach konsultacji zachęcam do kontaktu telefonicznego po uprzednim umówieniu oraz do zamieszczania notatek w zeszytach dzieci. </span>[/vc_column_text][/vc_column][/vc_row]</p>
</div>

<p>[vc_row][vc_column][vc_empty_space][/vc_column][/vc_row][vc_row][vc_column][vc_zigzag color=&#8221;chino&#8221; el_border_width=&#8221;20&#8243;][vc_column_text css=&#8221;&#8221;] Pomoc psychologiczno &#8211; pedagogiczna mgr Natasza Arsłanowow Neurologopeda kliniczny Nauczyciel dyplomowany Poniedziałek: 8:00 &#8211; 12:00 Wtorek: 8:00 &#8211; 13:00 Środa: 8:00 &#8211; 13:00 Terapia logopedyczna skierowana [&hellip;]</p>
