
{"id":2760,"date":"2020-04-27T11:06:19","date_gmt":"2020-04-27T09:06:19","guid":{"rendered":"https:\/\/przedszkole49.edu.wroclaw.pl\/?page_id=2760"},"modified":"2022-08-03T11:52:25","modified_gmt":"2022-08-03T09:52:25","slug":"religia","status":"publish","type":"page","link":"https:\/\/przedszkole49.edu.wroclaw.pl\/index.php\/specjalisci\/religia\/","title":{"rendered":"Religia"},"content":{"rendered":"<div class=\"wpb-content-wrapper\"><p>[vc_row][vc_column][vc_zigzag color=&#8221;chino&#8221; el_border_width=&#8221;20&#8243;][vc_column_text]<\/p>\n<p style=\"text-align: center\"><span style=\"font-size: 36pt;color: #ff0000\"><strong>Informacje odno\u015bnie zaj\u0119\u0107 katechetycznych<\/strong><\/span><\/p>\n<p style=\"text-align: center\"><span style=\"font-size: 36pt\">\u21d2 <a href=\"https:\/\/przedszkole49.edu.wroclaw.pl\/wp-content\/uploads\/sites\/33\/2021\/11\/opis-zajec-z-religii-Elzbieta-Wascinska.pdf\">KLIK<\/a> \u21d0<\/span><\/p>\n<p>[\/vc_column_text][\/vc_column][\/vc_row]<\/p>\n<\/div>","protected":false},"excerpt":{"rendered":"<p>[vc_row][vc_column][vc_zigzag color=&#8221;chino&#8221; el_border_width=&#8221;20&#8243;][vc_column_text] Informacje odno\u015bnie zaj\u0119\u0107 katechetycznych \u21d2 KLIK \u21d0 [\/vc_column_text][\/vc_column][\/vc_row]<\/p>\n","protected":false},"author":72,"featured_media":0,"parent":2754,"menu_order":0,"comment_status":"closed","ping_status":"closed","template":"","meta":{"ngg_post_thumbnail":0,"footnotes":""},"class_list":["post-2760","page","type-page","status-publish","hentry","clearfix"],"_links":{"self":[{"href":"https:\/\/przedszkole49.edu.wroclaw.pl\/index.php\/wp-json\/wp\/v2\/pages\/2760","targetHints":{"allow":["GET"]}}],"collection":[{"href":"https:\/\/przedszkole49.edu.wroclaw.pl\/index.php\/wp-json\/wp\/v2\/pages"}],"about":[{"href":"https:\/\/przedszkole49.edu.wroclaw.pl\/index.php\/wp-json\/wp\/v2\/types\/page"}],"author":[{"embeddable":true,"href":"https:\/\/przedszkole49.edu.wroclaw.pl\/index.php\/wp-json\/wp\/v2\/users\/72"}],"replies":[{"embeddable":true,"href":"https:\/\/przedszkole49.edu.wroclaw.pl\/index.php\/wp-json\/wp\/v2\/comments?post=2760"}],"version-history":[{"count":61,"href":"https:\/\/przedszkole49.edu.wroclaw.pl\/index.php\/wp-json\/wp\/v2\/pages\/2760\/revisions"}],"predecessor-version":[{"id":7855,"href":"https:\/\/przedszkole49.edu.wroclaw.pl\/index.php\/wp-json\/wp\/v2\/pages\/2760\/revisions\/7855"}],"up":[{"embeddable":true,"href":"https:\/\/przedszkole49.edu.wroclaw.pl\/index.php\/wp-json\/wp\/v2\/pages\/2754"}],"wp:attachment":[{"href":"https:\/\/przedszkole49.edu.wroclaw.pl\/index.php\/wp-json\/wp\/v2\/media?parent=2760"}],"curies":[{"name":"wp","href":"https:\/\/api.w.org\/{rel}","templated":true}]}}

<div class="wpb-content-wrapper"><p>[vc_row][vc_column][vc_zigzag color=&#8221;chino&#8221; el_border_width=&#8221;20&#8243;][vc_column_text]</p>
<p style="text-align: center"><span style="font-size: 36pt;color: #ff0000"><strong>Informacje odnośnie zajęć katechetycznych</strong></span></p>
<p style="text-align: center"><span style="font-size: 36pt">⇒ <a href="https://przedszkole49.edu.wroclaw.pl/wp-content/uploads/sites/33/2021/11/opis-zajec-z-religii-Elzbieta-Wascinska.pdf">KLIK</a> ⇐</span></p>
<p>[/vc_column_text][/vc_column][/vc_row]</p>
</div>

<p>[vc_row][vc_column][vc_zigzag color=&#8221;chino&#8221; el_border_width=&#8221;20&#8243;][vc_column_text] Informacje odnośnie zajęć katechetycznych ⇒ KLIK ⇐ [/vc_column_text][/vc_column][/vc_row]</p>
