
{"id":29,"date":"2017-10-05T12:01:05","date_gmt":"2017-10-05T10:01:05","guid":{"rendered":"https:\/\/przedszkole49.edu.wroclaw.pl\/?page_id=29"},"modified":"2025-11-06T12:02:17","modified_gmt":"2025-11-06T11:02:17","slug":"grupy","status":"publish","type":"page","link":"https:\/\/przedszkole49.edu.wroclaw.pl\/index.php\/grupy\/","title":{"rendered":"Grupy"},"content":{"rendered":"<div class=\"wpb-content-wrapper\"><p>[vc_row full_width=&#8221;stretch_row&#8221;][vc_column][vc_raw_html]JTNDc3R5bGUlM0UlMEEucDQ5Z3J1cHlfd3lzb2tvc2MlMjAuY21zLWZhbmN5LWJveC1jb250ZW50JTIwJTdCbWFyZ2luLWJvdHRvbSUzQTY1cHglM0IlN0QlMEElM0MlMkZzdHlsZSUzRSUyMA==[\/vc_raw_html][\/vc_column][\/vc_row][vc_row gap=&#8221;20&#8243; equal_height=&#8221;yes&#8221;][vc_column width=&#8221;1\/3&#8243; css=&#8221;.vc_custom_1722857504745{padding-top: 15px !important;padding-right: 15px !important;padding-bottom: 15px !important;padding-left: 15px !important;}&#8221;][vc_column_text css=&#8221;&#8221;]<\/p>\n<h2 style=\"text-align: center\"><span style=\"font-size: 22pt\">Grupa 1<\/span><\/h2>\n<p style=\"text-align: center\"><span style=\"font-size: 12pt\">Liczba dzieci \u2013 <strong>17<\/strong><\/span><br \/>\n<span style=\"font-size: 12pt\"><strong>Nauczyciele:<\/strong> Bo\u017cena Poteralska, Sybilla Micha\u0142ek<\/span><br \/>\n<span style=\"font-size: 12pt\"><strong>Obs\u0142uga techniczna:<\/strong> Daria Paleczna<br \/>\n<\/span><\/p>\n<p>[\/vc_column_text][vc_btn title=&#8221;Przejd\u017a do strony grupy nr 1&#8243; style=&#8221;classic&#8221; shape=&#8221;square&#8221; color=&#8221;green&#8221; align=&#8221;center&#8221; css=&#8221;&#8221; link=&#8221;url:https%3A%2F%2Fprzedszkole49.edu.wroclaw.pl%2Findex.php%2Fgrupy%2Fgrupa-1%2F&#8221;][\/vc_column][vc_column width=&#8221;1\/3&#8243; css=&#8221;.vc_custom_1722857495037{padding-top: 15px !important;padding-right: 15px !important;padding-bottom: 15px !important;padding-left: 15px !important;}&#8221;][vc_column_text css=&#8221;&#8221;]<\/p>\n<h2 style=\"text-align: center\"><span style=\"font-size: 22pt\">Grupa 2<br \/>\n<\/span><\/h2>\n<p style=\"text-align: center\"><span style=\"font-size: 12pt\">Liczba dzieci \u2013 <strong>15<\/strong><\/span><br \/>\n<span style=\"font-size: 12pt\"><strong>Nauczyciele:<\/strong> Karolina Ziewiec-Kamieniecka, Anna Cebulska, Emil Rogalewicz<\/span><\/p>\n<p style=\"text-align: center\"><span style=\"font-size: 12pt\"><strong>Pomoc nauczyciela: <\/strong>Karolina \u017bak<\/span><\/p>\n<p style=\"text-align: center\"><span style=\"font-size: 12pt\"><strong>Obs\u0142uga techniczna:<\/strong> Joanna Chmura<br \/>\n<\/span><\/p>\n<p>[\/vc_column_text][vc_btn title=&#8221;Przejd\u017a do strony grupy nr 2&#8243; style=&#8221;classic&#8221; shape=&#8221;square&#8221; color=&#8221;green&#8221; align=&#8221;center&#8221; css=&#8221;&#8221; link=&#8221;url:https%3A%2F%2Fprzedszkole49.edu.wroclaw.pl%2Findex.php%2Fgrupy%2Fgrupa-2%2F&#8221;][\/vc_column][vc_column width=&#8221;1\/3&#8243; css=&#8221;.vc_custom_1722857196213{padding-top: 15px !important;padding-right: 15px !important;padding-bottom: 15px !important;padding-left: 15px !important;}&#8221;][vc_column_text css=&#8221;&#8221;]<\/p>\n<h2 style=\"text-align: center\"><span style=\"font-size: 22pt\">Grupa 3<br \/>\n<\/span><\/h2>\n<p style=\"text-align: center\"><span style=\"font-size: 12pt\">Liczba dzieci \u2013 <strong>18<\/strong><\/span><br \/>\n<span style=\"font-size: 12pt\"><strong>Nauczyciele:<\/strong> Marta Kulawiak, Katarzyna Ponarska<\/span><br \/>\n<span style=\"font-size: 12pt\"><strong>Obs\u0142uga techniczna:<\/strong> Katarzyna Bykowska<br \/>\n<\/span><\/p>\n<p>[\/vc_column_text][vc_btn title=&#8221;Przejd\u017a do strony grupy nr 3&#8243; style=&#8221;classic&#8221; shape=&#8221;square&#8221; color=&#8221;green&#8221; align=&#8221;center&#8221; css=&#8221;&#8221; link=&#8221;url:https%3A%2F%2Fprzedszkole49.edu.wroclaw.pl%2Findex.php%2Fgrupy%2Fgrupa-3%2F|title:Grupa%203&#8243;][\/vc_column][\/vc_row][vc_row][vc_column width=&#8221;1\/3&#8243;][vc_column_text css=&#8221;&#8221;]<\/p>\n<h2 style=\"text-align: center\"><span style=\"font-size: 22pt\">Grupa 4<\/span><\/h2>\n<p style=\"text-align: center\"><span style=\"font-size: 12pt\">Liczba dzieci \u2013 <strong>21<\/strong><\/span><br \/>\n<span style=\"font-size: 12pt\"><strong>Nauczyciele:<\/strong> Olga B\u0105k, Magda Olkusz<\/span><br \/>\n<span style=\"font-size: 12pt\"><strong>Obs\u0142uga techniczna:<\/strong> Katarzyna Hejtota<br \/>\n<\/span><\/p>\n<p>[\/vc_column_text][vc_btn title=&#8221;Przejd\u017a do strony grupy nr 4&#8243; style=&#8221;classic&#8221; shape=&#8221;square&#8221; color=&#8221;green&#8221; align=&#8221;center&#8221; css=&#8221;&#8221; link=&#8221;url:https%3A%2F%2Fprzedszkole49.edu.wroclaw.pl%2Findex.php%2Fgrupy%2Fgrupa-4%2F|title:Grupa%204&#8243;][\/vc_column][vc_column width=&#8221;1\/3&#8243;][vc_column_text css=&#8221;&#8221;]<\/p>\n<h2 style=\"text-align: center\"><span style=\"font-size: 22pt\">Grupa 5<\/span><\/h2>\n<p style=\"text-align: center\"><span style=\"font-size: 12pt\">Liczba dzieci \u2013 <strong>20<\/strong><\/span><br \/>\n<span style=\"font-size: 12pt\"><strong>Nauczyciele:<\/strong> Magdalena Szadkowska<\/span><br \/>\n<span style=\"font-size: 12pt\"><strong>Obs\u0142uga techniczna:<\/strong> Cecylia Grabiec<br \/>\n<\/span><\/p>\n<p>[\/vc_column_text][vc_btn title=&#8221;Przejd\u017a do strony grupy nr 5&#8243; style=&#8221;classic&#8221; shape=&#8221;square&#8221; color=&#8221;green&#8221; align=&#8221;center&#8221; css=&#8221;&#8221; link=&#8221;url:https%3A%2F%2Fprzedszkole49.edu.wroclaw.pl%2Findex.php%2Fgrupy%2Fgrupa-5%2F|title:Grupa%204&#8243;][\/vc_column][vc_column width=&#8221;1\/3&#8243;][vc_column_text css=&#8221;&#8221;]<\/p>\n<h2 style=\"text-align: center\"><span style=\"font-size: 22pt\">Grupa 6<\/span><\/h2>\n<p style=\"text-align: center\"><span style=\"font-size: 12pt\">Liczba dzieci \u2013 <strong>23<\/strong><\/span><br \/>\n<span style=\"font-size: 12pt\"><strong>Nauczyciele:<\/strong> Renata Janiak, Natalia Mikrut-Twardak<\/span><br \/>\n<span style=\"font-size: 12pt\"><strong>Obs\u0142uga techniczna:<\/strong> Barbara Burek<br \/>\n<\/span><\/p>\n<p>[\/vc_column_text][vc_btn title=&#8221;Przejd\u017a do strony grupy nr 6&#8243; style=&#8221;classic&#8221; shape=&#8221;square&#8221; color=&#8221;green&#8221; align=&#8221;center&#8221; css=&#8221;&#8221; link=&#8221;url:https%3A%2F%2Fprzedszkole49.edu.wroclaw.pl%2Findex.php%2Fgrupy%2Fgrupa-6%2F|title:Grupa%204&#8243;][\/vc_column][\/vc_row]<\/p>\n<\/div>","protected":false},"excerpt":{"rendered":"<p>[vc_row full_width=&#8221;stretch_row&#8221;][vc_column][vc_raw_html]JTNDc3R5bGUlM0UlMEEucDQ5Z3J1cHlfd3lzb2tvc2MlMjAuY21zLWZhbmN5LWJveC1jb250ZW50JTIwJTdCbWFyZ2luLWJvdHRvbSUzQTY1cHglM0IlN0QlMEElM0MlMkZzdHlsZSUzRSUyMA==[\/vc_raw_html][\/vc_column][\/vc_row][vc_row gap=&#8221;20&#8243; equal_height=&#8221;yes&#8221;][vc_column width=&#8221;1\/3&#8243; css=&#8221;.vc_custom_1722857504745{padding-top: 15px !important;padding-right: 15px !important;padding-bottom: 15px !important;padding-left: 15px !important;}&#8221;][vc_column_text css=&#8221;&#8221;] Grupa 1 Liczba dzieci \u2013 17 Nauczyciele: Bo\u017cena Poteralska, Sybilla Micha\u0142ek Obs\u0142uga techniczna: Daria Paleczna [&hellip;]<\/p>\n","protected":false},"author":72,"featured_media":0,"parent":0,"menu_order":0,"comment_status":"closed","ping_status":"closed","template":"","meta":{"ngg_post_thumbnail":0,"footnotes":""},"class_list":["post-29","page","type-page","status-publish","hentry","clearfix"],"_links":{"self":[{"href":"https:\/\/przedszkole49.edu.wroclaw.pl\/index.php\/wp-json\/wp\/v2\/pages\/29","targetHints":{"allow":["GET"]}}],"collection":[{"href":"https:\/\/przedszkole49.edu.wroclaw.pl\/index.php\/wp-json\/wp\/v2\/pages"}],"about":[{"href":"https:\/\/przedszkole49.edu.wroclaw.pl\/index.php\/wp-json\/wp\/v2\/types\/page"}],"author":[{"embeddable":true,"href":"https:\/\/przedszkole49.edu.wroclaw.pl\/index.php\/wp-json\/wp\/v2\/users\/72"}],"replies":[{"embeddable":true,"href":"https:\/\/przedszkole49.edu.wroclaw.pl\/index.php\/wp-json\/wp\/v2\/comments?post=29"}],"version-history":[{"count":114,"href":"https:\/\/przedszkole49.edu.wroclaw.pl\/index.php\/wp-json\/wp\/v2\/pages\/29\/revisions"}],"predecessor-version":[{"id":10119,"href":"https:\/\/przedszkole49.edu.wroclaw.pl\/index.php\/wp-json\/wp\/v2\/pages\/29\/revisions\/10119"}],"wp:attachment":[{"href":"https:\/\/przedszkole49.edu.wroclaw.pl\/index.php\/wp-json\/wp\/v2\/media?parent=29"}],"curies":[{"name":"wp","href":"https:\/\/api.w.org\/{rel}","templated":true}]}}

<div class="wpb-content-wrapper"><p>[vc_row full_width=&#8221;stretch_row&#8221;][vc_column][vc_raw_html]JTNDc3R5bGUlM0UlMEEucDQ5Z3J1cHlfd3lzb2tvc2MlMjAuY21zLWZhbmN5LWJveC1jb250ZW50JTIwJTdCbWFyZ2luLWJvdHRvbSUzQTY1cHglM0IlN0QlMEElM0MlMkZzdHlsZSUzRSUyMA==[/vc_raw_html][/vc_column][/vc_row][vc_row gap=&#8221;20&#8243; equal_height=&#8221;yes&#8221;][vc_column width=&#8221;1/3&#8243; css=&#8221;.vc_custom_1722857504745{padding-top: 15px !important;padding-right: 15px !important;padding-bottom: 15px !important;padding-left: 15px !important;}&#8221;][vc_column_text css=&#8221;&#8221;]</p>
<h2 style="text-align: center"><span style="font-size: 22pt">Grupa 1</span></h2>
<p style="text-align: center"><span style="font-size: 12pt">Liczba dzieci – <strong>17</strong></span><br />
<span style="font-size: 12pt"><strong>Nauczyciele:</strong> Bożena Poteralska, Sybilla Michałek</span><br />
<span style="font-size: 12pt"><strong>Obsługa techniczna:</strong> Daria Paleczna<br />
</span></p>
<p>[/vc_column_text][vc_btn title=&#8221;Przejdź do strony grupy nr 1&#8243; style=&#8221;classic&#8221; shape=&#8221;square&#8221; color=&#8221;green&#8221; align=&#8221;center&#8221; css=&#8221;&#8221; link=&#8221;url:https%3A%2F%2Fprzedszkole49.edu.wroclaw.pl%2Findex.php%2Fgrupy%2Fgrupa-1%2F&#8221;][/vc_column][vc_column width=&#8221;1/3&#8243; css=&#8221;.vc_custom_1722857495037{padding-top: 15px !important;padding-right: 15px !important;padding-bottom: 15px !important;padding-left: 15px !important;}&#8221;][vc_column_text css=&#8221;&#8221;]</p>
<h2 style="text-align: center"><span style="font-size: 22pt">Grupa 2<br />
</span></h2>
<p style="text-align: center"><span style="font-size: 12pt">Liczba dzieci – <strong>15</strong></span><br />
<span style="font-size: 12pt"><strong>Nauczyciele:</strong> Karolina Ziewiec-Kamieniecka, Anna Cebulska, Emil Rogalewicz</span></p>
<p style="text-align: center"><span style="font-size: 12pt"><strong>Pomoc nauczyciela: </strong>Karolina Żak</span></p>
<p style="text-align: center"><span style="font-size: 12pt"><strong>Obsługa techniczna:</strong> Joanna Chmura<br />
</span></p>
<p>[/vc_column_text][vc_btn title=&#8221;Przejdź do strony grupy nr 2&#8243; style=&#8221;classic&#8221; shape=&#8221;square&#8221; color=&#8221;green&#8221; align=&#8221;center&#8221; css=&#8221;&#8221; link=&#8221;url:https%3A%2F%2Fprzedszkole49.edu.wroclaw.pl%2Findex.php%2Fgrupy%2Fgrupa-2%2F&#8221;][/vc_column][vc_column width=&#8221;1/3&#8243; css=&#8221;.vc_custom_1722857196213{padding-top: 15px !important;padding-right: 15px !important;padding-bottom: 15px !important;padding-left: 15px !important;}&#8221;][vc_column_text css=&#8221;&#8221;]</p>
<h2 style="text-align: center"><span style="font-size: 22pt">Grupa 3<br />
</span></h2>
<p style="text-align: center"><span style="font-size: 12pt">Liczba dzieci – <strong>18</strong></span><br />
<span style="font-size: 12pt"><strong>Nauczyciele:</strong> Marta Kulawiak, Katarzyna Ponarska</span><br />
<span style="font-size: 12pt"><strong>Obsługa techniczna:</strong> Katarzyna Bykowska<br />
</span></p>
<p>[/vc_column_text][vc_btn title=&#8221;Przejdź do strony grupy nr 3&#8243; style=&#8221;classic&#8221; shape=&#8221;square&#8221; color=&#8221;green&#8221; align=&#8221;center&#8221; css=&#8221;&#8221; link=&#8221;url:https%3A%2F%2Fprzedszkole49.edu.wroclaw.pl%2Findex.php%2Fgrupy%2Fgrupa-3%2F|title:Grupa%203&#8243;][/vc_column][/vc_row][vc_row][vc_column width=&#8221;1/3&#8243;][vc_column_text css=&#8221;&#8221;]</p>
<h2 style="text-align: center"><span style="font-size: 22pt">Grupa 4</span></h2>
<p style="text-align: center"><span style="font-size: 12pt">Liczba dzieci – <strong>21</strong></span><br />
<span style="font-size: 12pt"><strong>Nauczyciele:</strong> Olga Bąk, Magda Olkusz</span><br />
<span style="font-size: 12pt"><strong>Obsługa techniczna:</strong> Katarzyna Hejtota<br />
</span></p>
<p>[/vc_column_text][vc_btn title=&#8221;Przejdź do strony grupy nr 4&#8243; style=&#8221;classic&#8221; shape=&#8221;square&#8221; color=&#8221;green&#8221; align=&#8221;center&#8221; css=&#8221;&#8221; link=&#8221;url:https%3A%2F%2Fprzedszkole49.edu.wroclaw.pl%2Findex.php%2Fgrupy%2Fgrupa-4%2F|title:Grupa%204&#8243;][/vc_column][vc_column width=&#8221;1/3&#8243;][vc_column_text css=&#8221;&#8221;]</p>
<h2 style="text-align: center"><span style="font-size: 22pt">Grupa 5</span></h2>
<p style="text-align: center"><span style="font-size: 12pt">Liczba dzieci – <strong>20</strong></span><br />
<span style="font-size: 12pt"><strong>Nauczyciele:</strong> Magdalena Szadkowska</span><br />
<span style="font-size: 12pt"><strong>Obsługa techniczna:</strong> Cecylia Grabiec<br />
</span></p>
<p>[/vc_column_text][vc_btn title=&#8221;Przejdź do strony grupy nr 5&#8243; style=&#8221;classic&#8221; shape=&#8221;square&#8221; color=&#8221;green&#8221; align=&#8221;center&#8221; css=&#8221;&#8221; link=&#8221;url:https%3A%2F%2Fprzedszkole49.edu.wroclaw.pl%2Findex.php%2Fgrupy%2Fgrupa-5%2F|title:Grupa%204&#8243;][/vc_column][vc_column width=&#8221;1/3&#8243;][vc_column_text css=&#8221;&#8221;]</p>
<h2 style="text-align: center"><span style="font-size: 22pt">Grupa 6</span></h2>
<p style="text-align: center"><span style="font-size: 12pt">Liczba dzieci – <strong>23</strong></span><br />
<span style="font-size: 12pt"><strong>Nauczyciele:</strong> Renata Janiak, Natalia Mikrut-Twardak</span><br />
<span style="font-size: 12pt"><strong>Obsługa techniczna:</strong> Barbara Burek<br />
</span></p>
<p>[/vc_column_text][vc_btn title=&#8221;Przejdź do strony grupy nr 6&#8243; style=&#8221;classic&#8221; shape=&#8221;square&#8221; color=&#8221;green&#8221; align=&#8221;center&#8221; css=&#8221;&#8221; link=&#8221;url:https%3A%2F%2Fprzedszkole49.edu.wroclaw.pl%2Findex.php%2Fgrupy%2Fgrupa-6%2F|title:Grupa%204&#8243;][/vc_column][/vc_row]</p>
</div>

<p>[vc_row full_width=&#8221;stretch_row&#8221;][vc_column][vc_raw_html]JTNDc3R5bGUlM0UlMEEucDQ5Z3J1cHlfd3lzb2tvc2MlMjAuY21zLWZhbmN5LWJveC1jb250ZW50JTIwJTdCbWFyZ2luLWJvdHRvbSUzQTY1cHglM0IlN0QlMEElM0MlMkZzdHlsZSUzRSUyMA==[/vc_raw_html][/vc_column][/vc_row][vc_row gap=&#8221;20&#8243; equal_height=&#8221;yes&#8221;][vc_column width=&#8221;1/3&#8243; css=&#8221;.vc_custom_1722857504745{padding-top: 15px !important;padding-right: 15px !important;padding-bottom: 15px !important;padding-left: 15px !important;}&#8221;][vc_column_text css=&#8221;&#8221;] Grupa 1 Liczba dzieci – 17 Nauczyciele: Bożena Poteralska, Sybilla Michałek Obsługa techniczna: Daria Paleczna [&hellip;]</p>
