
{"id":3197,"date":"2020-06-26T09:12:57","date_gmt":"2020-06-26T07:12:57","guid":{"rendered":"https:\/\/przedszkole49.edu.wroclaw.pl\/?page_id=3197"},"modified":"2026-03-12T09:00:18","modified_gmt":"2026-03-12T08:00:18","slug":"rekrutacja","status":"publish","type":"page","link":"https:\/\/przedszkole49.edu.wroclaw.pl\/index.php\/aktualnosci\/rekrutacja\/","title":{"rendered":"Rekrutacja"},"content":{"rendered":"<div class=\"wpb-content-wrapper\"><p>[vc_row][vc_column][vc_column_text css=&#8221;&#8221;]<\/p>\n<p style=\"text-align: center\"><span style=\"font-size: 36pt;color: #ff0000\"><strong>!!! UWAGA !!!<\/strong><\/span><\/p>\n<div>\n<p style=\"text-align: center\"><span style=\"font-size: 18pt\">Rodzice, kt\u00f3rzy nie podpisali w wyznaczonym terminie <strong>Woli Kontynuacji<\/strong> na rok szkolny 2026\/2027, a chc\u0105 nadal korzysta\u0107 z us\u0142ug naszego Przedszkola &#8211; <span style=\"color: #ff0000\">MUSZ\u0104 PONOWNIE PRZYST\u0104PI\u0106 DO ELEKTRONICZNEJ REKRUTACJI<\/span> \u21d2 <a href=\"https:\/\/rekrutacje.edu.wroclaw.pl\/switcher-public\/\">KLIK<\/a><\/span><\/p>\n<\/div>\n<p>[\/vc_column_text][vc_zigzag color=&#8221;black&#8221; el_border_width=&#8221;20&#8243;][\/vc_column][\/vc_row][vc_row][vc_column][vc_column_text css=&#8221;&#8221;]<\/p>\n<p style=\"text-align: center\"><span style=\"font-size: 36pt;color: #ff0000\"><strong>Rekrutacja na rok szkolny 2026\/2027<\/strong><\/span><\/p>\n<p>[\/vc_column_text][\/vc_column][\/vc_row][vc_row][vc_column][vc_column_text css=&#8221;&#8221;]<\/p>\n<p style=\"text-align: center\"><span style=\"font-size: 18pt\">Rekrutacja prowadzona jest w systemie elektronicznym poprzez stron\u0119 <a href=\"https:\/\/rekrutacje.edu.wroclaw.pl\/switcher-public\/\">rekrutacje.edu.wroclaw.pl<\/a><\/span><\/p>\n<p style=\"text-align: center\"><span style=\"font-size: 18pt\">W dniach <strong>20-25 marca 2026<\/strong> elektroniczny system rekrutacji dost\u0119pny jest <strong>24 godziny na dob\u0119<\/strong>. <\/span><span style=\"font-size: 18pt\">W dniu rozpocz\u0119cia rekrutacji tj. 20 marca od godz. 12:00, a w dniu zako\u0144czenia tj. 25 marca do godz. 15:00.<\/span><\/p>\n<p style=\"text-align: center\"><span style=\"font-size: 18pt\">W przypadku braku mo\u017cliwo\u015bci skorzystania z systemu elektronicznego <span style=\"text-decoration: underline\">istnieje mo\u017cliwo\u015b\u0107 z\u0142o\u017cenia wniosku wraz z za\u0142\u0105cznikami bezpo\u015brednio w plac\u00f3wce<\/span>.<\/span><\/p>\n<p style=\"text-align: center\"><span style=\"font-size: 18pt\">Post\u0119powanie rekrutacyjne przeprowadza komisja rekrutacyjna powo\u0142ana przez dyrektora w plac\u00f3wce.<\/span><\/p>\n<p style=\"text-align: center\"><span style=\"font-size: 18pt\">W przypadku problem\u00f3w technicznych systemu nale\u017cy skierowa\u0107 wiadomo\u015b\u0107 na adres: <a href=\"mailto:WSPARCIE_EDU@UM.WROC.PL\">WSPARCIE_EDU@UM.WROC.PL<\/a><\/span><\/p>\n<p>[\/vc_column_text][\/vc_column][\/vc_row][vc_row][vc_column][vc_gallery type=&#8221;image_grid&#8221; images=&#8221;10253,10254,10255&#8243; img_size=&#8221;100&#215;100&#8243; css=&#8221;&#8221;][\/vc_column][\/vc_row][vc_row][vc_column][vc_separator css=&#8221;&#8221;][\/vc_column][\/vc_row][vc_row][vc_column][vc_column_text css=&#8221;&#8221;]<\/p>\n<p style=\"text-align: center\"><span style=\"font-size: 24pt\"><strong>Wola kontynuacji<\/strong><\/span><\/p>\n<p style=\"text-align: center\"><span style=\"font-size: 18pt\">Rodzice dzieci ucz\u0119szczaj\u0105cych do przedszkola <span style=\"text-decoration: underline\">maj\u0105cy zamiar pozostawi\u0107 dziecko<\/span> w tej plac\u00f3wce w kolejnym roku szkolnym, <strong>sk\u0142adaj\u0105 w przedszkolu wol\u0119 kontynuacji<\/strong>.<\/span><\/p>\n<p style=\"text-align: center\"><span style=\"font-size: 18pt\">Rodzice dzieci ucz\u0119szczaj\u0105cych do przedszkola <span style=\"text-decoration: underline\">maj\u0105cy zamiar zmieni\u0107 dziecku plac\u00f3wk\u0119<\/span> w kolejnym roku szkolnym, <strong>nie sk\u0142adaj\u0105 woli kontynuacji<\/strong> w macierzystym przedszkolu i bior\u0105 udzia\u0142 w rekrutacji.<\/span><\/p>\n<p>[\/vc_column_text][\/vc_column][\/vc_row][vc_row][vc_column][vc_separator css=&#8221;&#8221;][\/vc_column][\/vc_row][vc_row][vc_column][vc_column_text css=&#8221;&#8221;]<\/p>\n<p style=\"text-align: center\"><span style=\"font-size: 24pt\"><strong>Informacje techniczne podczas sk\u0142adania wniosku:<\/strong><\/span><\/p>\n<p style=\"text-align: center\"><span style=\"font-size: 18pt\">1) Przygotowanie do wprowadzenia wniosku w systemie:<\/span><br \/>\n<span style=\"font-size: 18pt\">\u2022 przygotowanie skan\u00f3w dokument\u00f3w (zatrudnienie, niepe\u0142nosprawno\u015b\u0107, piecza zast\u0119pcza, \u017c\u0142obki)<\/span><br \/>\n<span style=\"font-size: 18pt\">\u2022 wype\u0142nione aktywne pdf pobrane ze strony, zapisane w formacie pdf<\/span><\/p>\n<p style=\"text-align: center\"><span style=\"font-size: 18pt\">2) Rozmiar za\u0142\u0105cznik\u00f3w: do 5 MB<\/span><\/p>\n<p style=\"text-align: center\"><span style=\"font-size: 18pt\">3) Program <em>Nasz Wroc\u0142aw\/ Nasz Wroc\u0142aw MAX<\/em><\/span><br \/>\n<span style=\"font-size: 18pt\">Wniosku nie nale\u017cy wype\u0142nia\u0107 w dniu, w kt\u00f3rym pobra\u0142o si\u0119 aplikacj\u0119 <em>Nasz Wroc\u0142aw\/ Nasz Wroc\u0142aw MAX<\/em><\/span><\/p>\n<p>[\/vc_column_text][\/vc_column][\/vc_row][vc_row][vc_column][vc_separator css=&#8221;&#8221;][\/vc_column][\/vc_row][vc_row][vc_column][vc_column_text css=&#8221;&#8221;]<strong><span style=\"font-size: 24pt\">Za\u0142\u0105czniki:<\/span><\/strong><\/p>\n<p><span style=\"font-size: 14pt\">Udzia\u0142 w rekrutacji: <a href=\"https:\/\/przedszkole49.edu.wroclaw.pl\/wp-content\/uploads\/sites\/33\/2026\/01\/udzial-w-rekrutacji.pdf\">https:\/\/przedszkole49.edu.wroclaw.pl\/wp-content\/uploads\/sites\/33\/2026\/01\/udzial-w-rekrutacji.pdf<\/a><\/span><\/p>\n<p><span style=\"font-size: 14pt\">Samotne wychowanie: <a href=\"https:\/\/przedszkole49.edu.wroclaw.pl\/wp-content\/uploads\/sites\/33\/2026\/01\/samotne-wychowanie.pdf\">https:\/\/przedszkole49.edu.wroclaw.pl\/wp-content\/uploads\/sites\/33\/2026\/01\/samotne-wychowanie.pdf<\/a><\/span><\/p>\n<p><span style=\"font-size: 14pt\">Podstawy prawne: <a href=\"https:\/\/przedszkole49.edu.wroclaw.pl\/wp-content\/uploads\/sites\/33\/2026\/01\/podstawy-prawne.pdf\">https:\/\/przedszkole49.edu.wroclaw.pl\/wp-content\/uploads\/sites\/33\/2026\/01\/podstawy-prawne.pdf<\/a><\/span><\/p>\n<p><span style=\"font-size: 14pt\">Odwo\u0142ania: <a href=\"https:\/\/przedszkole49.edu.wroclaw.pl\/wp-content\/uploads\/sites\/33\/2026\/01\/odwolania.pdf\">https:\/\/przedszkole49.edu.wroclaw.pl\/wp-content\/uploads\/sites\/33\/2026\/01\/odwolania.pdf<\/a><\/span><\/p>\n<p><span style=\"font-size: 14pt\">Harmonogram (uzupe\u0142niaj\u0105cy): <a href=\"https:\/\/przedszkole49.edu.wroclaw.pl\/wp-content\/uploads\/sites\/33\/2026\/01\/harmonogram-dla-rodzicow-etap-uzupelniajacy.pdf\">https:\/\/przedszkole49.edu.wroclaw.pl\/wp-content\/uploads\/sites\/33\/2026\/01\/harmonogram-dla-rodzicow-etap-uzupelniajacy.pdf<\/a><\/span><\/p>\n<p><span style=\"font-size: 14pt\">Harmonogram (podstawowy): <a href=\"https:\/\/przedszkole49.edu.wroclaw.pl\/wp-content\/uploads\/sites\/33\/2026\/01\/harmonogram-dla-rodzicow-etap-podstawowy.pdf\">https:\/\/przedszkole49.edu.wroclaw.pl\/wp-content\/uploads\/sites\/33\/2026\/01\/harmonogram-dla-rodzicow-etap-podstawowy.pdf<\/a><\/span><\/p>\n<p><span style=\"font-size: 14pt\">Dzieci o specjalnych potrzebach: <a href=\"https:\/\/przedszkole49.edu.wroclaw.pl\/wp-content\/uploads\/sites\/33\/2026\/01\/dzieci-o-specjalnych-potrzebach.pdf\">https:\/\/przedszkole49.edu.wroclaw.pl\/wp-content\/uploads\/sites\/33\/2026\/01\/dzieci-o-specjalnych-potrzebach.pdf<\/a><\/span><\/p>\n<p><span style=\"font-size: 14pt\">Doch\u00f3d: <a href=\"https:\/\/przedszkole49.edu.wroclaw.pl\/wp-content\/uploads\/sites\/33\/2026\/01\/dochod.pdf\">https:\/\/przedszkole49.edu.wroclaw.pl\/wp-content\/uploads\/sites\/33\/2026\/01\/dochod.pdf<\/a><\/span>[\/vc_column_text][\/vc_column][\/vc_row]<\/p>\n<\/div>","protected":false},"excerpt":{"rendered":"<p>[vc_row][vc_column][vc_column_text css=&#8221;&#8221;] !!! UWAGA !!! Rodzice, kt\u00f3rzy nie podpisali w wyznaczonym terminie Woli Kontynuacji na rok szkolny 2026\/2027, a chc\u0105 nadal korzysta\u0107 z us\u0142ug naszego Przedszkola &#8211; MUSZ\u0104 PONOWNIE PRZYST\u0104PI\u0106 [&hellip;]<\/p>\n","protected":false},"author":72,"featured_media":0,"parent":105,"menu_order":0,"comment_status":"closed","ping_status":"closed","template":"","meta":{"ngg_post_thumbnail":0,"footnotes":""},"class_list":["post-3197","page","type-page","status-publish","hentry","clearfix"],"_links":{"self":[{"href":"https:\/\/przedszkole49.edu.wroclaw.pl\/index.php\/wp-json\/wp\/v2\/pages\/3197","targetHints":{"allow":["GET"]}}],"collection":[{"href":"https:\/\/przedszkole49.edu.wroclaw.pl\/index.php\/wp-json\/wp\/v2\/pages"}],"about":[{"href":"https:\/\/przedszkole49.edu.wroclaw.pl\/index.php\/wp-json\/wp\/v2\/types\/page"}],"author":[{"embeddable":true,"href":"https:\/\/przedszkole49.edu.wroclaw.pl\/index.php\/wp-json\/wp\/v2\/users\/72"}],"replies":[{"embeddable":true,"href":"https:\/\/przedszkole49.edu.wroclaw.pl\/index.php\/wp-json\/wp\/v2\/comments?post=3197"}],"version-history":[{"count":36,"href":"https:\/\/przedszkole49.edu.wroclaw.pl\/index.php\/wp-json\/wp\/v2\/pages\/3197\/revisions"}],"predecessor-version":[{"id":10333,"href":"https:\/\/przedszkole49.edu.wroclaw.pl\/index.php\/wp-json\/wp\/v2\/pages\/3197\/revisions\/10333"}],"up":[{"embeddable":true,"href":"https:\/\/przedszkole49.edu.wroclaw.pl\/index.php\/wp-json\/wp\/v2\/pages\/105"}],"wp:attachment":[{"href":"https:\/\/przedszkole49.edu.wroclaw.pl\/index.php\/wp-json\/wp\/v2\/media?parent=3197"}],"curies":[{"name":"wp","href":"https:\/\/api.w.org\/{rel}","templated":true}]}}

<div class="wpb-content-wrapper"><p>[vc_row][vc_column][vc_column_text css=&#8221;&#8221;]</p>
<p style="text-align: center"><span style="font-size: 36pt;color: #ff0000"><strong>!!! UWAGA !!!</strong></span></p>
<div>
<p style="text-align: center"><span style="font-size: 18pt">Rodzice, którzy nie podpisali w wyznaczonym terminie <strong>Woli Kontynuacji</strong> na rok szkolny 2026/2027, a chcą nadal korzystać z usług naszego Przedszkola &#8211; <span style="color: #ff0000">MUSZĄ PONOWNIE PRZYSTĄPIĆ DO ELEKTRONICZNEJ REKRUTACJI</span> ⇒ <a href="https://rekrutacje.edu.wroclaw.pl/switcher-public/">KLIK</a></span></p>
</div>
<p>[/vc_column_text][vc_zigzag color=&#8221;black&#8221; el_border_width=&#8221;20&#8243;][/vc_column][/vc_row][vc_row][vc_column][vc_column_text css=&#8221;&#8221;]</p>
<p style="text-align: center"><span style="font-size: 36pt;color: #ff0000"><strong>Rekrutacja na rok szkolny 2026/2027</strong></span></p>
<p>[/vc_column_text][/vc_column][/vc_row][vc_row][vc_column][vc_column_text css=&#8221;&#8221;]</p>
<p style="text-align: center"><span style="font-size: 18pt">Rekrutacja prowadzona jest w systemie elektronicznym poprzez stronę <a href="https://rekrutacje.edu.wroclaw.pl/switcher-public/">rekrutacje.edu.wroclaw.pl</a></span></p>
<p style="text-align: center"><span style="font-size: 18pt">W dniach <strong>20-25 marca 2026</strong> elektroniczny system rekrutacji dostępny jest <strong>24 godziny na dobę</strong>. </span><span style="font-size: 18pt">W dniu rozpoczęcia rekrutacji tj. 20 marca od godz. 12:00, a w dniu zakończenia tj. 25 marca do godz. 15:00.</span></p>
<p style="text-align: center"><span style="font-size: 18pt">W przypadku braku możliwości skorzystania z systemu elektronicznego <span style="text-decoration: underline">istnieje możliwość złożenia wniosku wraz z załącznikami bezpośrednio w placówce</span>.</span></p>
<p style="text-align: center"><span style="font-size: 18pt">Postępowanie rekrutacyjne przeprowadza komisja rekrutacyjna powołana przez dyrektora w placówce.</span></p>
<p style="text-align: center"><span style="font-size: 18pt">W przypadku problemów technicznych systemu należy skierować wiadomość na adres: <a href="mailto:WSPARCIE_EDU@UM.WROC.PL">WSPARCIE_EDU@UM.WROC.PL</a></span></p>
<p>[/vc_column_text][/vc_column][/vc_row][vc_row][vc_column][vc_gallery type=&#8221;image_grid&#8221; images=&#8221;10253,10254,10255&#8243; img_size=&#8221;100&#215;100&#8243; css=&#8221;&#8221;][/vc_column][/vc_row][vc_row][vc_column][vc_separator css=&#8221;&#8221;][/vc_column][/vc_row][vc_row][vc_column][vc_column_text css=&#8221;&#8221;]</p>
<p style="text-align: center"><span style="font-size: 24pt"><strong>Wola kontynuacji</strong></span></p>
<p style="text-align: center"><span style="font-size: 18pt">Rodzice dzieci uczęszczających do przedszkola <span style="text-decoration: underline">mający zamiar pozostawić dziecko</span> w tej placówce w kolejnym roku szkolnym, <strong>składają w przedszkolu wolę kontynuacji</strong>.</span></p>
<p style="text-align: center"><span style="font-size: 18pt">Rodzice dzieci uczęszczających do przedszkola <span style="text-decoration: underline">mający zamiar zmienić dziecku placówkę</span> w kolejnym roku szkolnym, <strong>nie składają woli kontynuacji</strong> w macierzystym przedszkolu i biorą udział w rekrutacji.</span></p>
<p>[/vc_column_text][/vc_column][/vc_row][vc_row][vc_column][vc_separator css=&#8221;&#8221;][/vc_column][/vc_row][vc_row][vc_column][vc_column_text css=&#8221;&#8221;]</p>
<p style="text-align: center"><span style="font-size: 24pt"><strong>Informacje techniczne podczas składania wniosku:</strong></span></p>
<p style="text-align: center"><span style="font-size: 18pt">1) Przygotowanie do wprowadzenia wniosku w systemie:</span><br />
<span style="font-size: 18pt">• przygotowanie skanów dokumentów (zatrudnienie, niepełnosprawność, piecza zastępcza, żłobki)</span><br />
<span style="font-size: 18pt">• wypełnione aktywne pdf pobrane ze strony, zapisane w formacie pdf</span></p>
<p style="text-align: center"><span style="font-size: 18pt">2) Rozmiar załączników: do 5 MB</span></p>
<p style="text-align: center"><span style="font-size: 18pt">3) Program <em>Nasz Wrocław/ Nasz Wrocław MAX</em></span><br />
<span style="font-size: 18pt">Wniosku nie należy wypełniać w dniu, w którym pobrało się aplikację <em>Nasz Wrocław/ Nasz Wrocław MAX</em></span></p>
<p>[/vc_column_text][/vc_column][/vc_row][vc_row][vc_column][vc_separator css=&#8221;&#8221;][/vc_column][/vc_row][vc_row][vc_column][vc_column_text css=&#8221;&#8221;]<strong><span style="font-size: 24pt">Załączniki:</span></strong></p>
<p><span style="font-size: 14pt">Udział w rekrutacji: <a href="https://przedszkole49.edu.wroclaw.pl/wp-content/uploads/sites/33/2026/01/udzial-w-rekrutacji.pdf">https://przedszkole49.edu.wroclaw.pl/wp-content/uploads/sites/33/2026/01/udzial-w-rekrutacji.pdf</a></span></p>
<p><span style="font-size: 14pt">Samotne wychowanie: <a href="https://przedszkole49.edu.wroclaw.pl/wp-content/uploads/sites/33/2026/01/samotne-wychowanie.pdf">https://przedszkole49.edu.wroclaw.pl/wp-content/uploads/sites/33/2026/01/samotne-wychowanie.pdf</a></span></p>
<p><span style="font-size: 14pt">Podstawy prawne: <a href="https://przedszkole49.edu.wroclaw.pl/wp-content/uploads/sites/33/2026/01/podstawy-prawne.pdf">https://przedszkole49.edu.wroclaw.pl/wp-content/uploads/sites/33/2026/01/podstawy-prawne.pdf</a></span></p>
<p><span style="font-size: 14pt">Odwołania: <a href="https://przedszkole49.edu.wroclaw.pl/wp-content/uploads/sites/33/2026/01/odwolania.pdf">https://przedszkole49.edu.wroclaw.pl/wp-content/uploads/sites/33/2026/01/odwolania.pdf</a></span></p>
<p><span style="font-size: 14pt">Harmonogram (uzupełniający): <a href="https://przedszkole49.edu.wroclaw.pl/wp-content/uploads/sites/33/2026/01/harmonogram-dla-rodzicow-etap-uzupelniajacy.pdf">https://przedszkole49.edu.wroclaw.pl/wp-content/uploads/sites/33/2026/01/harmonogram-dla-rodzicow-etap-uzupelniajacy.pdf</a></span></p>
<p><span style="font-size: 14pt">Harmonogram (podstawowy): <a href="https://przedszkole49.edu.wroclaw.pl/wp-content/uploads/sites/33/2026/01/harmonogram-dla-rodzicow-etap-podstawowy.pdf">https://przedszkole49.edu.wroclaw.pl/wp-content/uploads/sites/33/2026/01/harmonogram-dla-rodzicow-etap-podstawowy.pdf</a></span></p>
<p><span style="font-size: 14pt">Dzieci o specjalnych potrzebach: <a href="https://przedszkole49.edu.wroclaw.pl/wp-content/uploads/sites/33/2026/01/dzieci-o-specjalnych-potrzebach.pdf">https://przedszkole49.edu.wroclaw.pl/wp-content/uploads/sites/33/2026/01/dzieci-o-specjalnych-potrzebach.pdf</a></span></p>
<p><span style="font-size: 14pt">Dochód: <a href="https://przedszkole49.edu.wroclaw.pl/wp-content/uploads/sites/33/2026/01/dochod.pdf">https://przedszkole49.edu.wroclaw.pl/wp-content/uploads/sites/33/2026/01/dochod.pdf</a></span>[/vc_column_text][/vc_column][/vc_row]</p>
</div>

<p>[vc_row][vc_column][vc_column_text css=&#8221;&#8221;] !!! UWAGA !!! Rodzice, którzy nie podpisali w wyznaczonym terminie Woli Kontynuacji na rok szkolny 2026/2027, a chcą nadal korzystać z usług naszego Przedszkola &#8211; MUSZĄ PONOWNIE PRZYSTĄPIĆ [&hellip;]</p>
