
{"id":37,"date":"2017-10-05T12:02:35","date_gmt":"2017-10-05T10:02:35","guid":{"rendered":"https:\/\/przedszkole49.edu.wroclaw.pl\/?page_id=37"},"modified":"2025-08-30T18:01:56","modified_gmt":"2025-08-30T16:01:56","slug":"grupa-4","status":"publish","type":"page","link":"https:\/\/przedszkole49.edu.wroclaw.pl\/index.php\/grupy\/grupa-4\/","title":{"rendered":"Grupa 4"},"content":{"rendered":"<div class=\"wpb-content-wrapper\"><p>[vc_row][vc_column][vc_column_text css_animation=&#8221;rotateInDownLeft&#8221; css=&#8221;&#8221;]<\/p>\n<p style=\"text-align: center\"><span style=\"color: #008000;font-size: 18pt\">Nauczyciele: Olga B\u0105k, Magda Olkusz<br \/>\n<\/span><\/p>\n<p>[\/vc_column_text][vc_column_text css_animation=&#8221;rotateInUpRight&#8221; css=&#8221;&#8221;]<\/p>\n<p style=\"text-align: center\"><span style=\"color: #008000;font-size: 18pt\">Obs\u0142uga techniczna: Katarzyna Hejtota<br \/>\n<\/span><\/p>\n<p>\u00a0[\/vc_column_text][\/vc_column][\/vc_row][vc_row][vc_column width=&#8221;1\/3&#8243;][\/vc_column][vc_column width=&#8221;1\/3&#8243;][vc_progress_bar values=&#8221;%5B%7B%22label%22%3A%22Dziewczynek%20%E2%80%93%2010%22%2C%22value%22%3A%2245%22%2C%22color%22%3A%22custom%22%2C%22customcolor%22%3A%22%2390ed65%22%7D%2C%7B%22label%22%3A%22Ch%C5%82opc%C3%B3w%20%E2%80%93%2011%22%2C%22value%22%3A%2255%22%2C%22color%22%3A%22custom%22%2C%22customcolor%22%3A%22%2390ed65%22%7D%5D&#8221; css=&#8221;&#8221; title=&#8221;Jest nas \u2013 21&#8243;][\/vc_column][vc_column width=&#8221;1\/3&#8243;][\/vc_column][\/vc_row][vc_row][vc_column][vc_zigzag color=&#8221;chino&#8221; el_border_width=&#8221;15&#8243;][vc_empty_space][vc_column_text]<\/p>\n<p style=\"text-align: center\"><span style=\"font-size: 24pt\">Drogi Rodzicu, je\u015bli chcia\u0142by\u015b porozmawia\u0107 o swoim dziecku z wychowawc\u0105, pami\u0119taj aby wcze\u015bniej uzgodni\u0107 dogodny termin spotkania. Nauczyciel ch\u0119tnie si\u0119 spotka i odpowie na wszelkie nurtuj\u0105ce pytania.<\/span><\/p>\n<p>[\/vc_column_text][\/vc_column][\/vc_row]<\/p>\n<\/div>","protected":false},"excerpt":{"rendered":"<p>[vc_row][vc_column][vc_column_text css_animation=&#8221;rotateInDownLeft&#8221; css=&#8221;&#8221;] Nauczyciele: Olga B\u0105k, Magda Olkusz [\/vc_column_text][vc_column_text css_animation=&#8221;rotateInUpRight&#8221; css=&#8221;&#8221;] Obs\u0142uga techniczna: Katarzyna Hejtota \u00a0[\/vc_column_text][\/vc_column][\/vc_row][vc_row][vc_column width=&#8221;1\/3&#8243;][\/vc_column][vc_column width=&#8221;1\/3&#8243;][vc_progress_bar values=&#8221;%5B%7B%22label%22%3A%22Dziewczynek%20%E2%80%93%2010%22%2C%22value%22%3A%2245%22%2C%22color%22%3A%22custom%22%2C%22customcolor%22%3A%22%2390ed65%22%7D%2C%7B%22label%22%3A%22Ch%C5%82opc%C3%B3w%20%E2%80%93%2011%22%2C%22value%22%3A%2255%22%2C%22color%22%3A%22custom%22%2C%22customcolor%22%3A%22%2390ed65%22%7D%5D&#8221; css=&#8221;&#8221; title=&#8221;Jest nas \u2013 21&#8243;][\/vc_column][vc_column width=&#8221;1\/3&#8243;][\/vc_column][\/vc_row][vc_row][vc_column][vc_zigzag color=&#8221;chino&#8221; el_border_width=&#8221;15&#8243;][vc_empty_space][vc_column_text] Drogi Rodzicu, je\u015bli [&hellip;]<\/p>\n","protected":false},"author":72,"featured_media":0,"parent":29,"menu_order":0,"comment_status":"closed","ping_status":"closed","template":"","meta":{"ngg_post_thumbnail":0,"footnotes":""},"class_list":["post-37","page","type-page","status-publish","hentry","clearfix"],"_links":{"self":[{"href":"https:\/\/przedszkole49.edu.wroclaw.pl\/index.php\/wp-json\/wp\/v2\/pages\/37","targetHints":{"allow":["GET"]}}],"collection":[{"href":"https:\/\/przedszkole49.edu.wroclaw.pl\/index.php\/wp-json\/wp\/v2\/pages"}],"about":[{"href":"https:\/\/przedszkole49.edu.wroclaw.pl\/index.php\/wp-json\/wp\/v2\/types\/page"}],"author":[{"embeddable":true,"href":"https:\/\/przedszkole49.edu.wroclaw.pl\/index.php\/wp-json\/wp\/v2\/users\/72"}],"replies":[{"embeddable":true,"href":"https:\/\/przedszkole49.edu.wroclaw.pl\/index.php\/wp-json\/wp\/v2\/comments?post=37"}],"version-history":[{"count":285,"href":"https:\/\/przedszkole49.edu.wroclaw.pl\/index.php\/wp-json\/wp\/v2\/pages\/37\/revisions"}],"predecessor-version":[{"id":9944,"href":"https:\/\/przedszkole49.edu.wroclaw.pl\/index.php\/wp-json\/wp\/v2\/pages\/37\/revisions\/9944"}],"up":[{"embeddable":true,"href":"https:\/\/przedszkole49.edu.wroclaw.pl\/index.php\/wp-json\/wp\/v2\/pages\/29"}],"wp:attachment":[{"href":"https:\/\/przedszkole49.edu.wroclaw.pl\/index.php\/wp-json\/wp\/v2\/media?parent=37"}],"curies":[{"name":"wp","href":"https:\/\/api.w.org\/{rel}","templated":true}]}}

<div class="wpb-content-wrapper"><p>[vc_row][vc_column][vc_column_text css_animation=&#8221;rotateInDownLeft&#8221; css=&#8221;&#8221;]</p>
<p style="text-align: center"><span style="color: #008000;font-size: 18pt">Nauczyciele: Olga Bąk, Magda Olkusz<br />
</span></p>
<p>[/vc_column_text][vc_column_text css_animation=&#8221;rotateInUpRight&#8221; css=&#8221;&#8221;]</p>
<p style="text-align: center"><span style="color: #008000;font-size: 18pt">Obsługa techniczna: Katarzyna Hejtota<br />
</span></p>
<p> [/vc_column_text][/vc_column][/vc_row][vc_row][vc_column width=&#8221;1/3&#8243;][/vc_column][vc_column width=&#8221;1/3&#8243;][vc_progress_bar values=&#8221;%5B%7B%22label%22%3A%22Dziewczynek%20%E2%80%93%2010%22%2C%22value%22%3A%2245%22%2C%22color%22%3A%22custom%22%2C%22customcolor%22%3A%22%2390ed65%22%7D%2C%7B%22label%22%3A%22Ch%C5%82opc%C3%B3w%20%E2%80%93%2011%22%2C%22value%22%3A%2255%22%2C%22color%22%3A%22custom%22%2C%22customcolor%22%3A%22%2390ed65%22%7D%5D&#8221; css=&#8221;&#8221; title=&#8221;Jest nas – 21&#8243;][/vc_column][vc_column width=&#8221;1/3&#8243;][/vc_column][/vc_row][vc_row][vc_column][vc_zigzag color=&#8221;chino&#8221; el_border_width=&#8221;15&#8243;][vc_empty_space][vc_column_text]</p>
<p style="text-align: center"><span style="font-size: 24pt">Drogi Rodzicu, jeśli chciałbyś porozmawiać o swoim dziecku z wychowawcą, pamiętaj aby wcześniej uzgodnić dogodny termin spotkania. Nauczyciel chętnie się spotka i odpowie na wszelkie nurtujące pytania.</span></p>
<p>[/vc_column_text][/vc_column][/vc_row]</p>
</div>

<p>[vc_row][vc_column][vc_column_text css_animation=&#8221;rotateInDownLeft&#8221; css=&#8221;&#8221;] Nauczyciele: Olga Bąk, Magda Olkusz [/vc_column_text][vc_column_text css_animation=&#8221;rotateInUpRight&#8221; css=&#8221;&#8221;] Obsługa techniczna: Katarzyna Hejtota  [/vc_column_text][/vc_column][/vc_row][vc_row][vc_column width=&#8221;1/3&#8243;][/vc_column][vc_column width=&#8221;1/3&#8243;][vc_progress_bar values=&#8221;%5B%7B%22label%22%3A%22Dziewczynek%20%E2%80%93%2010%22%2C%22value%22%3A%2245%22%2C%22color%22%3A%22custom%22%2C%22customcolor%22%3A%22%2390ed65%22%7D%2C%7B%22label%22%3A%22Ch%C5%82opc%C3%B3w%20%E2%80%93%2011%22%2C%22value%22%3A%2255%22%2C%22color%22%3A%22custom%22%2C%22customcolor%22%3A%22%2390ed65%22%7D%5D&#8221; css=&#8221;&#8221; title=&#8221;Jest nas – 21&#8243;][/vc_column][vc_column width=&#8221;1/3&#8243;][/vc_column][/vc_row][vc_row][vc_column][vc_zigzag color=&#8221;chino&#8221; el_border_width=&#8221;15&#8243;][vc_empty_space][vc_column_text] Drogi Rodzicu, jeśli [&hellip;]</p>
