
{"id":39,"date":"2017-10-05T12:02:58","date_gmt":"2017-10-05T10:02:58","guid":{"rendered":"https:\/\/przedszkole49.edu.wroclaw.pl\/?page_id=39"},"modified":"2026-04-02T10:43:42","modified_gmt":"2026-04-02T08:43:42","slug":"grupa-5","status":"publish","type":"page","link":"https:\/\/przedszkole49.edu.wroclaw.pl\/index.php\/grupy\/grupa-5\/","title":{"rendered":"Grupa 5"},"content":{"rendered":"<div class=\"wpb-content-wrapper\"><p>[vc_row][vc_column][vc_column_text css_animation=&#8221;rollIn&#8221; css=&#8221;&#8221;]<\/p>\n<p style=\"text-align: center\"><span style=\"color: #993366;font-size: 18pt\">Nauczyciele: Magdalena Szadkowska<br \/>\n<\/span><\/p>\n<p>[\/vc_column_text][vc_column_text css_animation=&#8221;rollIn&#8221; css=&#8221;&#8221;]<\/p>\n<p style=\"text-align: center\"><span style=\"color: #993366;font-size: 18pt\">Obs\u0142uga techniczna: Cecylia Grabiec<br \/>\n<\/span><\/p>\n<p>[\/vc_column_text][\/vc_column][\/vc_row][vc_row][vc_column width=&#8221;1\/3&#8243;][\/vc_column][vc_column width=&#8221;1\/3&#8243;][vc_progress_bar values=&#8221;%5B%7B%22label%22%3A%22Dziewczynek%20%E2%80%93%2011%22%2C%22value%22%3A%2260%22%2C%22color%22%3A%22custom%22%2C%22customcolor%22%3A%22%23b965ce%22%7D%2C%7B%22label%22%3A%22Ch%C5%82opc%C3%B3w%20%E2%80%93%209%22%2C%22value%22%3A%2240%22%2C%22color%22%3A%22custom%22%2C%22customcolor%22%3A%22%23b965ce%22%7D%5D&#8221; css=&#8221;&#8221; title=&#8221;Jest nas \u2013 20&#8243;][\/vc_column][vc_column width=&#8221;1\/3&#8243;][\/vc_column][\/vc_row][vc_row][vc_column][vc_empty_space][\/vc_column][\/vc_row][vc_row][vc_column][vc_empty_space][vc_zigzag color=&#8221;chino&#8221; el_border_width=&#8221;15&#8243;][vc_column_text css=&#8221;&#8221;]<\/p>\n<p style=\"text-align: center\"><span style=\"color: #ff0000\"><strong><span style=\"font-size: 36pt\">Tematy kompleksowe<\/span><\/strong><\/span><\/p>\n<p style=\"text-align: center\"><span style=\"font-size: 18pt\">Tematy kompleksowe realizowane w kwietniu:<\/span><\/p>\n<p style=\"text-align: center\"><strong><span style=\"font-size: 18pt\">Radosna Wielkanoc: <\/span><\/strong><span style=\"font-size: 18pt\">poznajemy zwyczaje Wielkanocne.<\/span><br \/>\n<strong><span style=\"font-size: 18pt\">W domu i w zagrodzie: <\/span><\/strong><span style=\"font-size: 18pt\">wzbogacamy wiedz\u0119 na temat zwierz\u0105t domowych i hodowlanych.<\/span><br \/>\n<strong><span style=\"font-size: 18pt\">Eko-stylem \u017cycia: <\/span><\/strong><span style=\"font-size: 18pt\">uczymy si\u0119 segregowania \u015bmieci.<\/span><br \/>\n<strong><span style=\"font-size: 18pt\">Stra\u017cnicy ksi\u0105\u017cek: <\/span><\/strong><span style=\"font-size: 18pt\">zapoznajemy si\u0119 z bohaterami ba\u015bni.<\/span><\/p>\n<p>[\/vc_column_text][\/vc_column][\/vc_row][vc_row][vc_column][vc_empty_space][vc_zigzag color=&#8221;chino&#8221; el_border_width=&#8221;15&#8243;][vc_column_text css=&#8221;&#8221;]<\/p>\n<p style=\"text-align: center\"><span style=\"color: #ff0000\"><strong><span style=\"font-size: 36pt\">Programy<\/span><\/strong><\/span><\/p>\n<p style=\"text-align: center\"><span style=\"font-size: 18pt\">Programy oraz projekty realizowane w grupie w roku szkolnym 2025\/2026:<\/span><\/p>\n<p style=\"text-align: center\"><span style=\"font-size: 18pt\"><strong>Program wychowania przedszkolnego:<\/strong> &#8222;Samodzielnie, wszechstronnie, szcz\u0119\u015bliwie&#8221; wydawnictwa Nowe Era.<\/span><\/p>\n<p style=\"text-align: center\"><span style=\"font-size: 18pt\"><strong>Projekty edukacyjne:<\/strong> &#8222;Edukacja w Ruchu&#8221;, &#8222;Zdrowo i sportowo&#8221;, &#8222;Pi\u0105tka z natury&#8221;, &#8222;Rok z higien\u0105 Velvet&#8221;.<\/span><\/p>\n<p>[\/vc_column_text][\/vc_column][\/vc_row][vc_row][vc_column][vc_zigzag color=&#8221;chino&#8221; el_border_width=&#8221;15&#8243;][vc_empty_space][vc_column_text]<\/p>\n<p style=\"text-align: center\"><span style=\"font-size: 24pt\">Drogi Rodzicu, je\u015bli chcia\u0142by\u015b porozmawia\u0107 o swoim dziecku z wychowawc\u0105, pami\u0119taj aby wcze\u015bniej uzgodni\u0107 dogodny termin spotkania. Nauczyciel ch\u0119tnie si\u0119 spotka i odpowie na wszelkie nurtuj\u0105ce pytania.<\/span><\/p>\n<p>[\/vc_column_text][\/vc_column][\/vc_row]<\/p>\n<\/div>","protected":false},"excerpt":{"rendered":"<p>[vc_row][vc_column][vc_column_text css_animation=&#8221;rollIn&#8221; css=&#8221;&#8221;] Nauczyciele: Magdalena Szadkowska [\/vc_column_text][vc_column_text css_animation=&#8221;rollIn&#8221; css=&#8221;&#8221;] Obs\u0142uga techniczna: Cecylia Grabiec [\/vc_column_text][\/vc_column][\/vc_row][vc_row][vc_column width=&#8221;1\/3&#8243;][\/vc_column][vc_column width=&#8221;1\/3&#8243;][vc_progress_bar values=&#8221;%5B%7B%22label%22%3A%22Dziewczynek%20%E2%80%93%2011%22%2C%22value%22%3A%2260%22%2C%22color%22%3A%22custom%22%2C%22customcolor%22%3A%22%23b965ce%22%7D%2C%7B%22label%22%3A%22Ch%C5%82opc%C3%B3w%20%E2%80%93%209%22%2C%22value%22%3A%2240%22%2C%22color%22%3A%22custom%22%2C%22customcolor%22%3A%22%23b965ce%22%7D%5D&#8221; css=&#8221;&#8221; title=&#8221;Jest nas \u2013 20&#8243;][\/vc_column][vc_column width=&#8221;1\/3&#8243;][\/vc_column][\/vc_row][vc_row][vc_column][vc_empty_space][\/vc_column][\/vc_row][vc_row][vc_column][vc_empty_space][vc_zigzag color=&#8221;chino&#8221; el_border_width=&#8221;15&#8243;][vc_column_text css=&#8221;&#8221;] Tematy kompleksowe Tematy kompleksowe [&hellip;]<\/p>\n","protected":false},"author":72,"featured_media":0,"parent":29,"menu_order":0,"comment_status":"closed","ping_status":"closed","template":"","meta":{"ngg_post_thumbnail":0,"footnotes":""},"class_list":["post-39","page","type-page","status-publish","hentry","clearfix"],"_links":{"self":[{"href":"https:\/\/przedszkole49.edu.wroclaw.pl\/index.php\/wp-json\/wp\/v2\/pages\/39","targetHints":{"allow":["GET"]}}],"collection":[{"href":"https:\/\/przedszkole49.edu.wroclaw.pl\/index.php\/wp-json\/wp\/v2\/pages"}],"about":[{"href":"https:\/\/przedszkole49.edu.wroclaw.pl\/index.php\/wp-json\/wp\/v2\/types\/page"}],"author":[{"embeddable":true,"href":"https:\/\/przedszkole49.edu.wroclaw.pl\/index.php\/wp-json\/wp\/v2\/users\/72"}],"replies":[{"embeddable":true,"href":"https:\/\/przedszkole49.edu.wroclaw.pl\/index.php\/wp-json\/wp\/v2\/comments?post=39"}],"version-history":[{"count":222,"href":"https:\/\/przedszkole49.edu.wroclaw.pl\/index.php\/wp-json\/wp\/v2\/pages\/39\/revisions"}],"predecessor-version":[{"id":10412,"href":"https:\/\/przedszkole49.edu.wroclaw.pl\/index.php\/wp-json\/wp\/v2\/pages\/39\/revisions\/10412"}],"up":[{"embeddable":true,"href":"https:\/\/przedszkole49.edu.wroclaw.pl\/index.php\/wp-json\/wp\/v2\/pages\/29"}],"wp:attachment":[{"href":"https:\/\/przedszkole49.edu.wroclaw.pl\/index.php\/wp-json\/wp\/v2\/media?parent=39"}],"curies":[{"name":"wp","href":"https:\/\/api.w.org\/{rel}","templated":true}]}}

<div class="wpb-content-wrapper"><p>[vc_row][vc_column][vc_column_text css_animation=&#8221;rollIn&#8221; css=&#8221;&#8221;]</p>
<p style="text-align: center"><span style="color: #993366;font-size: 18pt">Nauczyciele: Magdalena Szadkowska<br />
</span></p>
<p>[/vc_column_text][vc_column_text css_animation=&#8221;rollIn&#8221; css=&#8221;&#8221;]</p>
<p style="text-align: center"><span style="color: #993366;font-size: 18pt">Obsługa techniczna: Cecylia Grabiec<br />
</span></p>
<p>[/vc_column_text][/vc_column][/vc_row][vc_row][vc_column width=&#8221;1/3&#8243;][/vc_column][vc_column width=&#8221;1/3&#8243;][vc_progress_bar values=&#8221;%5B%7B%22label%22%3A%22Dziewczynek%20%E2%80%93%2011%22%2C%22value%22%3A%2260%22%2C%22color%22%3A%22custom%22%2C%22customcolor%22%3A%22%23b965ce%22%7D%2C%7B%22label%22%3A%22Ch%C5%82opc%C3%B3w%20%E2%80%93%209%22%2C%22value%22%3A%2240%22%2C%22color%22%3A%22custom%22%2C%22customcolor%22%3A%22%23b965ce%22%7D%5D&#8221; css=&#8221;&#8221; title=&#8221;Jest nas – 20&#8243;][/vc_column][vc_column width=&#8221;1/3&#8243;][/vc_column][/vc_row][vc_row][vc_column][vc_empty_space][/vc_column][/vc_row][vc_row][vc_column][vc_empty_space][vc_zigzag color=&#8221;chino&#8221; el_border_width=&#8221;15&#8243;][vc_column_text css=&#8221;&#8221;]</p>
<p style="text-align: center"><span style="color: #ff0000"><strong><span style="font-size: 36pt">Tematy kompleksowe</span></strong></span></p>
<p style="text-align: center"><span style="font-size: 18pt">Tematy kompleksowe realizowane w kwietniu:</span></p>
<p style="text-align: center"><strong><span style="font-size: 18pt">Radosna Wielkanoc: </span></strong><span style="font-size: 18pt">poznajemy zwyczaje Wielkanocne.</span><br />
<strong><span style="font-size: 18pt">W domu i w zagrodzie: </span></strong><span style="font-size: 18pt">wzbogacamy wiedzę na temat zwierząt domowych i hodowlanych.</span><br />
<strong><span style="font-size: 18pt">Eko-stylem życia: </span></strong><span style="font-size: 18pt">uczymy się segregowania śmieci.</span><br />
<strong><span style="font-size: 18pt">Strażnicy książek: </span></strong><span style="font-size: 18pt">zapoznajemy się z bohaterami baśni.</span></p>
<p>[/vc_column_text][/vc_column][/vc_row][vc_row][vc_column][vc_empty_space][vc_zigzag color=&#8221;chino&#8221; el_border_width=&#8221;15&#8243;][vc_column_text css=&#8221;&#8221;]</p>
<p style="text-align: center"><span style="color: #ff0000"><strong><span style="font-size: 36pt">Programy</span></strong></span></p>
<p style="text-align: center"><span style="font-size: 18pt">Programy oraz projekty realizowane w grupie w roku szkolnym 2025/2026:</span></p>
<p style="text-align: center"><span style="font-size: 18pt"><strong>Program wychowania przedszkolnego:</strong> &#8222;Samodzielnie, wszechstronnie, szczęśliwie&#8221; wydawnictwa Nowe Era.</span></p>
<p style="text-align: center"><span style="font-size: 18pt"><strong>Projekty edukacyjne:</strong> &#8222;Edukacja w Ruchu&#8221;, &#8222;Zdrowo i sportowo&#8221;, &#8222;Piątka z natury&#8221;, &#8222;Rok z higieną Velvet&#8221;.</span></p>
<p>[/vc_column_text][/vc_column][/vc_row][vc_row][vc_column][vc_zigzag color=&#8221;chino&#8221; el_border_width=&#8221;15&#8243;][vc_empty_space][vc_column_text]</p>
<p style="text-align: center"><span style="font-size: 24pt">Drogi Rodzicu, jeśli chciałbyś porozmawiać o swoim dziecku z wychowawcą, pamiętaj aby wcześniej uzgodnić dogodny termin spotkania. Nauczyciel chętnie się spotka i odpowie na wszelkie nurtujące pytania.</span></p>
<p>[/vc_column_text][/vc_column][/vc_row]</p>
</div>

<p>[vc_row][vc_column][vc_column_text css_animation=&#8221;rollIn&#8221; css=&#8221;&#8221;] Nauczyciele: Magdalena Szadkowska [/vc_column_text][vc_column_text css_animation=&#8221;rollIn&#8221; css=&#8221;&#8221;] Obsługa techniczna: Cecylia Grabiec [/vc_column_text][/vc_column][/vc_row][vc_row][vc_column width=&#8221;1/3&#8243;][/vc_column][vc_column width=&#8221;1/3&#8243;][vc_progress_bar values=&#8221;%5B%7B%22label%22%3A%22Dziewczynek%20%E2%80%93%2011%22%2C%22value%22%3A%2260%22%2C%22color%22%3A%22custom%22%2C%22customcolor%22%3A%22%23b965ce%22%7D%2C%7B%22label%22%3A%22Ch%C5%82opc%C3%B3w%20%E2%80%93%209%22%2C%22value%22%3A%2240%22%2C%22color%22%3A%22custom%22%2C%22customcolor%22%3A%22%23b965ce%22%7D%5D&#8221; css=&#8221;&#8221; title=&#8221;Jest nas – 20&#8243;][/vc_column][vc_column width=&#8221;1/3&#8243;][/vc_column][/vc_row][vc_row][vc_column][vc_empty_space][/vc_column][/vc_row][vc_row][vc_column][vc_empty_space][vc_zigzag color=&#8221;chino&#8221; el_border_width=&#8221;15&#8243;][vc_column_text css=&#8221;&#8221;] Tematy kompleksowe Tematy kompleksowe [&hellip;]</p>
