
{"id":41,"date":"2017-10-05T12:03:11","date_gmt":"2017-10-05T10:03:11","guid":{"rendered":"https:\/\/przedszkole49.edu.wroclaw.pl\/?page_id=41"},"modified":"2026-04-02T11:02:51","modified_gmt":"2026-04-02T09:02:51","slug":"grupa-6","status":"publish","type":"page","link":"https:\/\/przedszkole49.edu.wroclaw.pl\/index.php\/grupy\/grupa-6\/","title":{"rendered":"Grupa 6"},"content":{"rendered":"<div class=\"wpb-content-wrapper\"><p>[vc_row][vc_column][vc_column_text css_animation=&#8221;zoomInDown&#8221; css=&#8221;&#8221;]<\/p>\n<p style=\"text-align: center\"><span style=\"color: #ff6600;font-size: 18pt\">Nauczyciele: Renata Janiak, Natalia Mikrut-Twardak<br \/>\n<\/span><\/p>\n<p>[\/vc_column_text][vc_column_text css_animation=&#8221;zoomInUp&#8221; css=&#8221;&#8221;]<\/p>\n<p style=\"text-align: center\"><span style=\"color: #ff6600;font-size: 18pt\">Obs\u0142uga techniczna: Barbara Burek<br \/>\n<\/span><\/p>\n<p>[\/vc_column_text][\/vc_column][\/vc_row][vc_row][vc_column width=&#8221;1\/3&#8243;][\/vc_column][vc_column width=&#8221;1\/3&#8243;][vc_progress_bar values=&#8221;%5B%7B%22label%22%3A%22Dziewczynek%20%E2%80%93%209%22%2C%22value%22%3A%2230%22%2C%22color%22%3A%22custom%22%2C%22customcolor%22%3A%22%23eab76b%22%7D%2C%7B%22label%22%3A%22Ch%C5%82opc%C3%B3w%20%E2%80%93%2014%22%2C%22value%22%3A%2260%22%2C%22color%22%3A%22custom%22%2C%22customcolor%22%3A%22%23eab76b%22%7D%5D&#8221; css=&#8221;&#8221; title=&#8221;Jest nas \u2013 23&#8243;][\/vc_column][vc_column width=&#8221;1\/3&#8243;][\/vc_column][\/vc_row][vc_row][vc_column][vc_empty_space][\/vc_column][\/vc_row][vc_row][vc_column][vc_zigzag color=&#8221;chino&#8221; el_border_width=&#8221;15&#8243;][vc_empty_space][vc_column_text css=&#8221;&#8221;]<\/p>\n<p style=\"text-align: center\"><span style=\"color: #ff0000\"><strong><span style=\"font-size: 36pt\">Tematy kompleksowe<\/span><\/strong><\/span><\/p>\n<p style=\"text-align: center\"><span style=\"font-size: 18pt\">Tematy kompleksowe realizowane w kwietniu:<\/span><\/p>\n<p style=\"text-align: center\"><strong><span style=\"font-size: 18pt\">Wielkanocny czas: <\/span><\/strong><span style=\"font-size: 18pt\">poznanie symboliki wielkanocnego koszyczka.<\/span><br \/>\n<strong><span style=\"font-size: 18pt\">Mieszka\u0144cy domu i zagrody<\/span><\/strong><span style=\"font-size: 18pt\"><strong>:<\/strong> rozwijanie empatii i szacunku do zwierz\u0105t.<\/span><br \/>\n<strong><span style=\"font-size: 18pt\">Ekologia na co dzie\u0144: <\/span><\/strong><span style=\"font-size: 18pt\">rozumienie, \u017ce dzia\u0142ania cz\u0142owieka nawet ma\u0142ego maj\u0105 wp\u0142yw na zdrowie i stan Ziemi.<\/span><br \/>\n<strong><span style=\"font-size: 18pt\">Ksi\u0105\u017cka skarbnic\u0105 wiedzy<\/span><\/strong><span style=\"font-size: 18pt\"><strong>:<\/strong> budowanie pozytywnych skojarze\u0144 z literatur\u0105 oraz warto\u015bciami, jakie ze sob\u0105 niesie.<\/span><\/p>\n<p>[\/vc_column_text][\/vc_column][\/vc_row][vc_row][vc_column][vc_zigzag color=&#8221;chino&#8221; el_border_width=&#8221;15&#8243;][vc_empty_space][vc_column_text css=&#8221;&#8221;]<\/p>\n<p style=\"text-align: center\"><span style=\"color: #ff0000\"><strong><span style=\"font-size: 36pt\">Integracyjny WF<\/span><\/strong><\/span><\/p>\n<p style=\"text-align: center\"><span style=\"color: #ff0000\"><strong><span style=\"font-size: 36pt\"><img loading=\"lazy\" decoding=\"async\" class=\" wp-image-10198 alignright\" src=\"https:\/\/przedszkole49.edu.wroclaw.pl\/wp-content\/uploads\/sites\/33\/2025\/12\/integracyjny-WF-04.jpg\" alt=\"\" width=\"518\" height=\"352\" \/><\/span><\/strong><\/span><\/p>\n<p style=\"text-align: center\"><span style=\"font-size: 18pt\">\ud83c\udf84 Nasza Grupa wzi\u0119\u0142a udzia\u0142 w Integracyjnym WF &#8211; Tajemnicy \u015awi\u0105tecznej Fabryki!<\/span><\/p>\n<p style=\"text-align: center\"><span style=\"font-size: 18pt\">Podczas wsp\u00f3lnej transmisji dzieci wyruszy\u0142y na trop zagadki ukrytej w \u015awi\u0105tecznej Fabryce. Poprzez ruch, wsp\u00f3\u0142prac\u0119 i dobr\u0105 zabaw\u0119 uda\u0142o si\u0119 odkry\u0107, co si\u0119 wydarzy\u0142o, uruchomi\u0107 fabryczne maszyny i uratowa\u0107 \u015awi\u0119ta.<\/span><\/p>\n<p style=\"text-align: center\"><span style=\"font-size: 18pt\">To by\u0142o 30 minut pe\u0142nych aktywno\u015bci, rado\u015bci i integracji, kt\u00f3re pokaza\u0142y, \u017ce ruch naprawd\u0119 \u0142\u0105czy i daje przestrze\u0144 ka\u017cdemu dziecku, niezale\u017cnie od jego mo\u017cliwo\u015bci.<\/span><\/p>\n<p style=\"text-align: center\"><span style=\"font-size: 18pt\">#IWF2025 #IWFPoland #IWFPoland2025 #IntegracyjnyWF <\/span><\/p>\n<p>[\/vc_column_text][\/vc_column][\/vc_row][vc_row][vc_column][vc_zigzag color=&#8221;chino&#8221; el_border_width=&#8221;15&#8243;][vc_empty_space][vc_column_text css=&#8221;&#8221;]<\/p>\n<p style=\"text-align: center\"><span style=\"color: #ff0000\"><strong><span style=\"font-size: 36pt\">Kino<\/span><\/strong><\/span><\/p>\n<p style=\"text-align: center\"><span style=\"font-size: 18pt\">Pierwsza wyprawa do kina ju\u017c za nami. By\u0142o fantastycznie.<\/span><\/p>\n<p><img loading=\"lazy\" decoding=\"async\" class=\"wp-image-10029 alignnone\" src=\"https:\/\/przedszkole49.edu.wroclaw.pl\/wp-content\/uploads\/sites\/33\/2025\/10\/kino1-gr.6-1024x768.jpg\" alt=\"\" width=\"633\" height=\"475\" srcset=\"https:\/\/przedszkole49.edu.wroclaw.pl\/wp-content\/uploads\/sites\/33\/2025\/10\/kino1-gr.6-1024x768.jpg 1024w, https:\/\/przedszkole49.edu.wroclaw.pl\/wp-content\/uploads\/sites\/33\/2025\/10\/kino1-gr.6-768x576.jpg 768w, https:\/\/przedszkole49.edu.wroclaw.pl\/wp-content\/uploads\/sites\/33\/2025\/10\/kino1-gr.6.jpg 1280w\" sizes=\"auto, (max-width: 633px) 100vw, 633px\" \/> <img loading=\"lazy\" decoding=\"async\" class=\"alignnone wp-image-10030\" src=\"https:\/\/przedszkole49.edu.wroclaw.pl\/wp-content\/uploads\/sites\/33\/2025\/10\/kino2-gr.6-768x1024.jpg\" alt=\"\" width=\"357\" height=\"476\" srcset=\"https:\/\/przedszkole49.edu.wroclaw.pl\/wp-content\/uploads\/sites\/33\/2025\/10\/kino2-gr.6-768x1024.jpg 768w, https:\/\/przedszkole49.edu.wroclaw.pl\/wp-content\/uploads\/sites\/33\/2025\/10\/kino2-gr.6.jpg 960w\" sizes=\"auto, (max-width: 357px) 100vw, 357px\" \/>[\/vc_column_text][\/vc_column][\/vc_row][vc_row][vc_column][vc_zigzag color=&#8221;chino&#8221; el_border_width=&#8221;15&#8243;][vc_empty_space][vc_column_text css=&#8221;&#8221;]<\/p>\n<p style=\"text-align: center\"><span style=\"color: #ff0000\"><strong><span style=\"font-size: 36pt\">Dzie\u0144 Ch\u0142opaka<\/span><\/strong><\/span><\/p>\n<p><img loading=\"lazy\" decoding=\"async\" class=\"size-medium wp-image-10028 aligncenter\" src=\"https:\/\/przedszkole49.edu.wroclaw.pl\/wp-content\/uploads\/sites\/33\/2025\/10\/dzien-chlopaka-gr.6-1024x768.jpg\" alt=\"\" width=\"1024\" height=\"768\" srcset=\"https:\/\/przedszkole49.edu.wroclaw.pl\/wp-content\/uploads\/sites\/33\/2025\/10\/dzien-chlopaka-gr.6-1024x768.jpg 1024w, https:\/\/przedszkole49.edu.wroclaw.pl\/wp-content\/uploads\/sites\/33\/2025\/10\/dzien-chlopaka-gr.6-768x576.jpg 768w, https:\/\/przedszkole49.edu.wroclaw.pl\/wp-content\/uploads\/sites\/33\/2025\/10\/dzien-chlopaka-gr.6.jpg 1280w\" sizes=\"auto, (max-width: 1024px) 100vw, 1024px\" \/><\/p>\n<p>[\/vc_column_text][\/vc_column][\/vc_row][vc_row][vc_column][vc_zigzag color=&#8221;chino&#8221; el_border_width=&#8221;15&#8243;][vc_empty_space][vc_column_text css=&#8221;&#8221;]<\/p>\n<p style=\"text-align: center\"><span style=\"color: #ff0000\"><strong><span style=\"font-size: 36pt\">Wyj\u015bcie do parku<\/span><\/strong><\/span><\/p>\n<p style=\"text-align: center\"><span style=\"font-size: 18pt\">Dzi\u015b wybrali\u015bmy si\u0119 do parku, sprawdzi\u0107 czy jesie\u0144 zawita\u0142a. Przy okazji nazbierali\u015bmy ogrom kasztan\u00f3w. Zrobimy z nich ludziki \ud83d\ude09<\/span><\/p>\n<p><img loading=\"lazy\" decoding=\"async\" class=\"size-medium wp-image-10013 aligncenter\" src=\"https:\/\/przedszkole49.edu.wroclaw.pl\/wp-content\/uploads\/sites\/33\/2025\/09\/kasztany-gr.6-1024x768.jpg\" alt=\"\" width=\"1024\" height=\"768\" srcset=\"https:\/\/przedszkole49.edu.wroclaw.pl\/wp-content\/uploads\/sites\/33\/2025\/09\/kasztany-gr.6-1024x768.jpg 1024w, https:\/\/przedszkole49.edu.wroclaw.pl\/wp-content\/uploads\/sites\/33\/2025\/09\/kasztany-gr.6-768x576.jpg 768w, https:\/\/przedszkole49.edu.wroclaw.pl\/wp-content\/uploads\/sites\/33\/2025\/09\/kasztany-gr.6.jpg 1280w\" sizes=\"auto, (max-width: 1024px) 100vw, 1024px\" \/>[\/vc_column_text][\/vc_column][\/vc_row][vc_row][vc_column][vc_zigzag color=&#8221;chino&#8221; el_border_width=&#8221;15&#8243;][vc_empty_space][vc_column_text css=&#8221;&#8221;]<\/p>\n<p style=\"text-align: center\"><span style=\"color: #ff0000\"><strong><span style=\"font-size: 36pt\">Programy<\/span><\/strong><\/span><\/p>\n<p style=\"text-align: center\"><span style=\"font-size: 18pt\">Programy oraz projekty realizowane w grupie w roku szkolnym 2025\/2026:<\/span><\/p>\n<p style=\"text-align: center\"><span style=\"font-size: 18pt\"><strong>Program wychowania przedszkolnego:<\/strong> \u201eSamodzielnie, wszechstronnie, szcz\u0119\u015bliwie\u201d oraz &#8222;Od ucha do ucha&#8221; wydawnictwa Nowe Era; program w\u0142asny: \u201ePolak ma\u0142y\u201d, autorstwa R. Janiak, E. Rogalewicza; program w\u0142asny: \u201eWroc\u0142aw miastem wielokulturowym\u201d autorstwa A. Cebulskiej; program w\u0142asny: \u201eSmart star with English\u201d autorstwa N. Mikrut-Twardak, K. Ziewiec-Kamieniecka.<br \/>\n<\/span><\/p>\n<p style=\"text-align: center\"><span style=\"font-size: 18pt\"><strong>Projekty edukacyjne: <\/strong>\u201ePlay with English, play in English\u201d, \u201eZdrowo i sportowo\u201d, \u201eCzytanie na dywanie\u201d, \u201eWyzwanie Teodora\u201d, \u201eEdukacja w ruchu\u201d, \u201eZdrowo i sportowo\u201d, \u201ePi\u0105tka z natury\u201d, \u201eRok z higien\u0105 Velvet\u201d, \u201eDo przedszkola wpad\u0142y nutki\u201d, \u201eKreatywne zabawy cukiernicze&#8221;.<br \/>\n<\/span><\/p>\n<p>[\/vc_column_text][\/vc_column][\/vc_row][vc_row][vc_column][vc_zigzag color=&#8221;chino&#8221; el_border_width=&#8221;15&#8243;][vc_empty_space][vc_column_text]<\/p>\n<p style=\"text-align: center\"><span style=\"font-size: 24pt\">Drogi Rodzicu, je\u015bli chcia\u0142by\u015b porozmawia\u0107 o swoim dziecku z wychowawc\u0105, pami\u0119taj aby wcze\u015bniej uzgodni\u0107 dogodny termin spotkania. Nauczyciel ch\u0119tnie si\u0119 spotka i odpowie na wszelkie nurtuj\u0105ce pytania.<\/span><\/p>\n<p>[\/vc_column_text][\/vc_column][\/vc_row]<\/p>\n<\/div>","protected":false},"excerpt":{"rendered":"<p>[vc_row][vc_column][vc_column_text css_animation=&#8221;zoomInDown&#8221; css=&#8221;&#8221;] Nauczyciele: Renata Janiak, Natalia Mikrut-Twardak [\/vc_column_text][vc_column_text css_animation=&#8221;zoomInUp&#8221; css=&#8221;&#8221;] Obs\u0142uga techniczna: Barbara Burek [\/vc_column_text][\/vc_column][\/vc_row][vc_row][vc_column width=&#8221;1\/3&#8243;][\/vc_column][vc_column width=&#8221;1\/3&#8243;][vc_progress_bar values=&#8221;%5B%7B%22label%22%3A%22Dziewczynek%20%E2%80%93%209%22%2C%22value%22%3A%2230%22%2C%22color%22%3A%22custom%22%2C%22customcolor%22%3A%22%23eab76b%22%7D%2C%7B%22label%22%3A%22Ch%C5%82opc%C3%B3w%20%E2%80%93%2014%22%2C%22value%22%3A%2260%22%2C%22color%22%3A%22custom%22%2C%22customcolor%22%3A%22%23eab76b%22%7D%5D&#8221; css=&#8221;&#8221; title=&#8221;Jest nas \u2013 23&#8243;][\/vc_column][vc_column width=&#8221;1\/3&#8243;][\/vc_column][\/vc_row][vc_row][vc_column][vc_empty_space][\/vc_column][\/vc_row][vc_row][vc_column][vc_zigzag color=&#8221;chino&#8221; el_border_width=&#8221;15&#8243;][vc_empty_space][vc_column_text css=&#8221;&#8221;] Tematy kompleksowe [&hellip;]<\/p>\n","protected":false},"author":72,"featured_media":0,"parent":29,"menu_order":0,"comment_status":"closed","ping_status":"closed","template":"","meta":{"ngg_post_thumbnail":0,"footnotes":""},"class_list":["post-41","page","type-page","status-publish","hentry","clearfix"],"_links":{"self":[{"href":"https:\/\/przedszkole49.edu.wroclaw.pl\/index.php\/wp-json\/wp\/v2\/pages\/41","targetHints":{"allow":["GET"]}}],"collection":[{"href":"https:\/\/przedszkole49.edu.wroclaw.pl\/index.php\/wp-json\/wp\/v2\/pages"}],"about":[{"href":"https:\/\/przedszkole49.edu.wroclaw.pl\/index.php\/wp-json\/wp\/v2\/types\/page"}],"author":[{"embeddable":true,"href":"https:\/\/przedszkole49.edu.wroclaw.pl\/index.php\/wp-json\/wp\/v2\/users\/72"}],"replies":[{"embeddable":true,"href":"https:\/\/przedszkole49.edu.wroclaw.pl\/index.php\/wp-json\/wp\/v2\/comments?post=41"}],"version-history":[{"count":199,"href":"https:\/\/przedszkole49.edu.wroclaw.pl\/index.php\/wp-json\/wp\/v2\/pages\/41\/revisions"}],"predecessor-version":[{"id":10415,"href":"https:\/\/przedszkole49.edu.wroclaw.pl\/index.php\/wp-json\/wp\/v2\/pages\/41\/revisions\/10415"}],"up":[{"embeddable":true,"href":"https:\/\/przedszkole49.edu.wroclaw.pl\/index.php\/wp-json\/wp\/v2\/pages\/29"}],"wp:attachment":[{"href":"https:\/\/przedszkole49.edu.wroclaw.pl\/index.php\/wp-json\/wp\/v2\/media?parent=41"}],"curies":[{"name":"wp","href":"https:\/\/api.w.org\/{rel}","templated":true}]}}

<div class="wpb-content-wrapper"><p>[vc_row][vc_column][vc_column_text css_animation=&#8221;zoomInDown&#8221; css=&#8221;&#8221;]</p>
<p style="text-align: center"><span style="color: #ff6600;font-size: 18pt">Nauczyciele: Renata Janiak, Natalia Mikrut-Twardak<br />
</span></p>
<p>[/vc_column_text][vc_column_text css_animation=&#8221;zoomInUp&#8221; css=&#8221;&#8221;]</p>
<p style="text-align: center"><span style="color: #ff6600;font-size: 18pt">Obsługa techniczna: Barbara Burek<br />
</span></p>
<p>[/vc_column_text][/vc_column][/vc_row][vc_row][vc_column width=&#8221;1/3&#8243;][/vc_column][vc_column width=&#8221;1/3&#8243;][vc_progress_bar values=&#8221;%5B%7B%22label%22%3A%22Dziewczynek%20%E2%80%93%209%22%2C%22value%22%3A%2230%22%2C%22color%22%3A%22custom%22%2C%22customcolor%22%3A%22%23eab76b%22%7D%2C%7B%22label%22%3A%22Ch%C5%82opc%C3%B3w%20%E2%80%93%2014%22%2C%22value%22%3A%2260%22%2C%22color%22%3A%22custom%22%2C%22customcolor%22%3A%22%23eab76b%22%7D%5D&#8221; css=&#8221;&#8221; title=&#8221;Jest nas – 23&#8243;][/vc_column][vc_column width=&#8221;1/3&#8243;][/vc_column][/vc_row][vc_row][vc_column][vc_empty_space][/vc_column][/vc_row][vc_row][vc_column][vc_zigzag color=&#8221;chino&#8221; el_border_width=&#8221;15&#8243;][vc_empty_space][vc_column_text css=&#8221;&#8221;]</p>
<p style="text-align: center"><span style="color: #ff0000"><strong><span style="font-size: 36pt">Tematy kompleksowe</span></strong></span></p>
<p style="text-align: center"><span style="font-size: 18pt">Tematy kompleksowe realizowane w kwietniu:</span></p>
<p style="text-align: center"><strong><span style="font-size: 18pt">Wielkanocny czas: </span></strong><span style="font-size: 18pt">poznanie symboliki wielkanocnego koszyczka.</span><br />
<strong><span style="font-size: 18pt">Mieszkańcy domu i zagrody</span></strong><span style="font-size: 18pt"><strong>:</strong> rozwijanie empatii i szacunku do zwierząt.</span><br />
<strong><span style="font-size: 18pt">Ekologia na co dzień: </span></strong><span style="font-size: 18pt">rozumienie, że działania człowieka nawet małego mają wpływ na zdrowie i stan Ziemi.</span><br />
<strong><span style="font-size: 18pt">Książka skarbnicą wiedzy</span></strong><span style="font-size: 18pt"><strong>:</strong> budowanie pozytywnych skojarzeń z literaturą oraz wartościami, jakie ze sobą niesie.</span></p>
<p>[/vc_column_text][/vc_column][/vc_row][vc_row][vc_column][vc_zigzag color=&#8221;chino&#8221; el_border_width=&#8221;15&#8243;][vc_empty_space][vc_column_text css=&#8221;&#8221;]</p>
<p style="text-align: center"><span style="color: #ff0000"><strong><span style="font-size: 36pt">Integracyjny WF</span></strong></span></p>
<p style="text-align: center"><span style="color: #ff0000"><strong><span style="font-size: 36pt"><img loading="lazy" decoding="async" class=" wp-image-10198 alignright" src="https://przedszkole49.edu.wroclaw.pl/wp-content/uploads/sites/33/2025/12/integracyjny-WF-04.jpg" alt="" width="518" height="352" /></span></strong></span></p>
<p style="text-align: center"><span style="font-size: 18pt">🎄 Nasza Grupa wzięła udział w Integracyjnym WF &#8211; Tajemnicy Świątecznej Fabryki!</span></p>
<p style="text-align: center"><span style="font-size: 18pt">Podczas wspólnej transmisji dzieci wyruszyły na trop zagadki ukrytej w Świątecznej Fabryce. Poprzez ruch, współpracę i dobrą zabawę udało się odkryć, co się wydarzyło, uruchomić fabryczne maszyny i uratować Święta.</span></p>
<p style="text-align: center"><span style="font-size: 18pt">To było 30 minut pełnych aktywności, radości i integracji, które pokazały, że ruch naprawdę łączy i daje przestrzeń każdemu dziecku, niezależnie od jego możliwości.</span></p>
<p style="text-align: center"><span style="font-size: 18pt">#IWF2025 #IWFPoland #IWFPoland2025 #IntegracyjnyWF </span></p>
<p>[/vc_column_text][/vc_column][/vc_row][vc_row][vc_column][vc_zigzag color=&#8221;chino&#8221; el_border_width=&#8221;15&#8243;][vc_empty_space][vc_column_text css=&#8221;&#8221;]</p>
<p style="text-align: center"><span style="color: #ff0000"><strong><span style="font-size: 36pt">Kino</span></strong></span></p>
<p style="text-align: center"><span style="font-size: 18pt">Pierwsza wyprawa do kina już za nami. Było fantastycznie.</span></p>
<p><img loading="lazy" decoding="async" class="wp-image-10029 alignnone" src="https://przedszkole49.edu.wroclaw.pl/wp-content/uploads/sites/33/2025/10/kino1-gr.6-1024x768.jpg" alt="" width="633" height="475" srcset="https://przedszkole49.edu.wroclaw.pl/wp-content/uploads/sites/33/2025/10/kino1-gr.6-1024x768.jpg 1024w, https://przedszkole49.edu.wroclaw.pl/wp-content/uploads/sites/33/2025/10/kino1-gr.6-768x576.jpg 768w, https://przedszkole49.edu.wroclaw.pl/wp-content/uploads/sites/33/2025/10/kino1-gr.6.jpg 1280w" sizes="auto, (max-width: 633px) 100vw, 633px" /> <img loading="lazy" decoding="async" class="alignnone wp-image-10030" src="https://przedszkole49.edu.wroclaw.pl/wp-content/uploads/sites/33/2025/10/kino2-gr.6-768x1024.jpg" alt="" width="357" height="476" srcset="https://przedszkole49.edu.wroclaw.pl/wp-content/uploads/sites/33/2025/10/kino2-gr.6-768x1024.jpg 768w, https://przedszkole49.edu.wroclaw.pl/wp-content/uploads/sites/33/2025/10/kino2-gr.6.jpg 960w" sizes="auto, (max-width: 357px) 100vw, 357px" />[/vc_column_text][/vc_column][/vc_row][vc_row][vc_column][vc_zigzag color=&#8221;chino&#8221; el_border_width=&#8221;15&#8243;][vc_empty_space][vc_column_text css=&#8221;&#8221;]</p>
<p style="text-align: center"><span style="color: #ff0000"><strong><span style="font-size: 36pt">Dzień Chłopaka</span></strong></span></p>
<p><img loading="lazy" decoding="async" class="size-medium wp-image-10028 aligncenter" src="https://przedszkole49.edu.wroclaw.pl/wp-content/uploads/sites/33/2025/10/dzien-chlopaka-gr.6-1024x768.jpg" alt="" width="1024" height="768" srcset="https://przedszkole49.edu.wroclaw.pl/wp-content/uploads/sites/33/2025/10/dzien-chlopaka-gr.6-1024x768.jpg 1024w, https://przedszkole49.edu.wroclaw.pl/wp-content/uploads/sites/33/2025/10/dzien-chlopaka-gr.6-768x576.jpg 768w, https://przedszkole49.edu.wroclaw.pl/wp-content/uploads/sites/33/2025/10/dzien-chlopaka-gr.6.jpg 1280w" sizes="auto, (max-width: 1024px) 100vw, 1024px" /></p>
<p>[/vc_column_text][/vc_column][/vc_row][vc_row][vc_column][vc_zigzag color=&#8221;chino&#8221; el_border_width=&#8221;15&#8243;][vc_empty_space][vc_column_text css=&#8221;&#8221;]</p>
<p style="text-align: center"><span style="color: #ff0000"><strong><span style="font-size: 36pt">Wyjście do parku</span></strong></span></p>
<p style="text-align: center"><span style="font-size: 18pt">Dziś wybraliśmy się do parku, sprawdzić czy jesień zawitała. Przy okazji nazbieraliśmy ogrom kasztanów. Zrobimy z nich ludziki 😉</span></p>
<p><img loading="lazy" decoding="async" class="size-medium wp-image-10013 aligncenter" src="https://przedszkole49.edu.wroclaw.pl/wp-content/uploads/sites/33/2025/09/kasztany-gr.6-1024x768.jpg" alt="" width="1024" height="768" srcset="https://przedszkole49.edu.wroclaw.pl/wp-content/uploads/sites/33/2025/09/kasztany-gr.6-1024x768.jpg 1024w, https://przedszkole49.edu.wroclaw.pl/wp-content/uploads/sites/33/2025/09/kasztany-gr.6-768x576.jpg 768w, https://przedszkole49.edu.wroclaw.pl/wp-content/uploads/sites/33/2025/09/kasztany-gr.6.jpg 1280w" sizes="auto, (max-width: 1024px) 100vw, 1024px" />[/vc_column_text][/vc_column][/vc_row][vc_row][vc_column][vc_zigzag color=&#8221;chino&#8221; el_border_width=&#8221;15&#8243;][vc_empty_space][vc_column_text css=&#8221;&#8221;]</p>
<p style="text-align: center"><span style="color: #ff0000"><strong><span style="font-size: 36pt">Programy</span></strong></span></p>
<p style="text-align: center"><span style="font-size: 18pt">Programy oraz projekty realizowane w grupie w roku szkolnym 2025/2026:</span></p>
<p style="text-align: center"><span style="font-size: 18pt"><strong>Program wychowania przedszkolnego:</strong> „Samodzielnie, wszechstronnie, szczęśliwie” oraz &#8222;Od ucha do ucha&#8221; wydawnictwa Nowe Era; program własny: „Polak mały”, autorstwa R. Janiak, E. Rogalewicza; program własny: „Wrocław miastem wielokulturowym” autorstwa A. Cebulskiej; program własny: „Smart star with English” autorstwa N. Mikrut-Twardak, K. Ziewiec-Kamieniecka.<br />
</span></p>
<p style="text-align: center"><span style="font-size: 18pt"><strong>Projekty edukacyjne: </strong>„Play with English, play in English”, „Zdrowo i sportowo”, „Czytanie na dywanie”, „Wyzwanie Teodora”, „Edukacja w ruchu”, „Zdrowo i sportowo”, „Piątka z natury”, „Rok z higieną Velvet”, „Do przedszkola wpadły nutki”, „Kreatywne zabawy cukiernicze&#8221;.<br />
</span></p>
<p>[/vc_column_text][/vc_column][/vc_row][vc_row][vc_column][vc_zigzag color=&#8221;chino&#8221; el_border_width=&#8221;15&#8243;][vc_empty_space][vc_column_text]</p>
<p style="text-align: center"><span style="font-size: 24pt">Drogi Rodzicu, jeśli chciałbyś porozmawiać o swoim dziecku z wychowawcą, pamiętaj aby wcześniej uzgodnić dogodny termin spotkania. Nauczyciel chętnie się spotka i odpowie na wszelkie nurtujące pytania.</span></p>
<p>[/vc_column_text][/vc_column][/vc_row]</p>
</div>

<p>[vc_row][vc_column][vc_column_text css_animation=&#8221;zoomInDown&#8221; css=&#8221;&#8221;] Nauczyciele: Renata Janiak, Natalia Mikrut-Twardak [/vc_column_text][vc_column_text css_animation=&#8221;zoomInUp&#8221; css=&#8221;&#8221;] Obsługa techniczna: Barbara Burek [/vc_column_text][/vc_column][/vc_row][vc_row][vc_column width=&#8221;1/3&#8243;][/vc_column][vc_column width=&#8221;1/3&#8243;][vc_progress_bar values=&#8221;%5B%7B%22label%22%3A%22Dziewczynek%20%E2%80%93%209%22%2C%22value%22%3A%2230%22%2C%22color%22%3A%22custom%22%2C%22customcolor%22%3A%22%23eab76b%22%7D%2C%7B%22label%22%3A%22Ch%C5%82opc%C3%B3w%20%E2%80%93%2014%22%2C%22value%22%3A%2260%22%2C%22color%22%3A%22custom%22%2C%22customcolor%22%3A%22%23eab76b%22%7D%5D&#8221; css=&#8221;&#8221; title=&#8221;Jest nas – 23&#8243;][/vc_column][vc_column width=&#8221;1/3&#8243;][/vc_column][/vc_row][vc_row][vc_column][vc_empty_space][/vc_column][/vc_row][vc_row][vc_column][vc_zigzag color=&#8221;chino&#8221; el_border_width=&#8221;15&#8243;][vc_empty_space][vc_column_text css=&#8221;&#8221;] Tematy kompleksowe [&hellip;]</p>
